Last updated on 2025-02-16 10:50:43 CET.
Flavor | Version | Tinstall | Tcheck | Ttotal | Status | Flags |
---|---|---|---|---|---|---|
r-devel-linux-x86_64-debian-clang | 1.0.0 | 3.17 | 37.82 | 40.99 | NOTE | |
r-devel-linux-x86_64-debian-gcc | 1.0.0 | 2.32 | 27.81 | 30.13 | NOTE | |
r-devel-linux-x86_64-fedora-clang | 1.0.0 | 69.23 | NOTE | |||
r-devel-linux-x86_64-fedora-gcc | 1.0.0 | 78.39 | NOTE | |||
r-devel-macos-arm64 | 1.0.0 | 33.00 | OK | |||
r-devel-macos-x86_64 | 1.0.0 | 54.00 | NOTE | |||
r-devel-windows-x86_64 | 1.0.0 | 4.00 | 60.00 | 64.00 | NOTE | |
r-patched-linux-x86_64 | 1.0.0 | 2.77 | 35.58 | 38.35 | OK | |
r-release-linux-x86_64 | 1.0.0 | 2.89 | 35.57 | 38.46 | OK | |
r-release-macos-arm64 | 1.0.0 | 33.00 | OK | |||
r-release-macos-x86_64 | 1.0.0 | 78.00 | OK | |||
r-release-windows-x86_64 | 1.0.0 | 5.00 | 61.00 | 66.00 | OK | |
r-oldrel-macos-arm64 | 1.0.0 | 41.00 | OK | |||
r-oldrel-macos-x86_64 | 1.0.0 | 63.00 | OK | |||
r-oldrel-windows-x86_64 | 1.0.0 | 6.00 | 63.00 | 69.00 | OK |
Version: 1.0.0
Check: DESCRIPTION meta-information
Result: NOTE
Missing dependency on R >= 4.1.0 because package code uses the pipe
|> or function shorthand \(...) syntax added in R 4.1.0.
File(s) using such syntax:
‘api-get_datalog.R’ ‘api-get_device.R’ ‘api-get_devices.R’
‘api-get_element.R’ ‘api-get_elements.R’ ‘api-get_project.R’
‘api-get_projects.R’ ‘api-get_users_me.R’ ‘client.R’
Flavors: r-devel-linux-x86_64-debian-clang, r-devel-linux-x86_64-debian-gcc, r-devel-linux-x86_64-fedora-clang, r-devel-linux-x86_64-fedora-gcc, r-devel-macos-x86_64, r-devel-windows-x86_64
These binaries (installable software) and packages are in development.
They may not be fully stable and should be used with caution. We make no claims about them.