Last updated on 2025-11-11 15:50:30 CET.
| Flavor | Version | Tinstall | Tcheck | Ttotal | Status | Flags |
|---|---|---|---|---|---|---|
| r-devel-linux-x86_64-debian-clang | 0.2.0 | 11.52 | 129.79 | 141.31 | OK | |
| r-devel-linux-x86_64-debian-gcc | 0.2.0 | 7.98 | 89.21 | 97.19 | OK | |
| r-devel-linux-x86_64-fedora-clang | 0.2.0 | 77.00 | 154.66 | 231.66 | OK | |
| r-devel-linux-x86_64-fedora-gcc | 0.2.0 | 25.00 | 187.50 | 212.50 | OK | |
| r-devel-windows-x86_64 | 0.2.0 | 15.00 | 131.00 | 146.00 | OK | |
| r-patched-linux-x86_64 | 0.2.0 | 12.06 | 120.46 | 132.52 | OK | |
| r-release-linux-x86_64 | 0.2.0 | 12.02 | 119.38 | 131.40 | OK | |
| r-release-macos-arm64 | 0.2.0 | 5.00 | 66.00 | 71.00 | OK | |
| r-release-macos-x86_64 | 0.2.0 | 11.00 | 138.00 | 149.00 | OK | |
| r-release-windows-x86_64 | 0.2.0 | 15.00 | 128.00 | 143.00 | OK | |
| r-oldrel-macos-arm64 | 0.2.0 | 6.00 | 67.00 | 73.00 | NOTE | |
| r-oldrel-macos-x86_64 | 0.2.0 | 12.00 | 157.00 | 169.00 | NOTE | |
| r-oldrel-windows-x86_64 | 0.2.0 | 19.00 | 166.00 | 185.00 | NOTE |
Version: 0.2.0
Check: installed package size
Result: NOTE
installed size is 5.3Mb
sub-directories of 1Mb or more:
doc 4.7Mb
Flavors: r-oldrel-macos-arm64, r-oldrel-macos-x86_64, r-oldrel-windows-x86_64
These binaries (installable software) and packages are in development.
They may not be fully stable and should be used with caution. We make no claims about them.