Last updated on 2025-10-23 23:49:25 CEST.
Flavor | Version | Tinstall | Tcheck | Ttotal | Status | Flags |
---|---|---|---|---|---|---|
r-devel-linux-x86_64-debian-clang | 0.0.10 | 2.37 | 27.95 | 30.32 | NOTE | |
r-devel-linux-x86_64-debian-gcc | 0.0.10 | 1.79 | 22.47 | 24.26 | OK | |
r-devel-linux-x86_64-fedora-clang | 0.0.10 | 34.15 | OK | |||
r-devel-linux-x86_64-fedora-gcc | 0.0.10 | 55.28 | OK | |||
r-devel-windows-x86_64 | 0.0.10 | 5.00 | 48.00 | 53.00 | OK | |
r-patched-linux-x86_64 | 0.0.10 | 2.31 | 26.21 | 28.52 | OK | |
r-release-linux-x86_64 | 0.0.10 | 1.99 | 25.86 | 27.85 | OK | |
r-release-macos-arm64 | 0.0.10 | 2.00 | 24.00 | 26.00 | OK | |
r-release-macos-x86_64 | 0.0.10 | 2.00 | 41.00 | 43.00 | OK | |
r-release-windows-x86_64 | 0.0.10 | 4.00 | 52.00 | 56.00 | OK | |
r-oldrel-macos-arm64 | 0.0.10 | 1.00 | 27.00 | 28.00 | OK | |
r-oldrel-macos-x86_64 | 0.0.10 | 2.00 | 33.00 | 35.00 | OK | |
r-oldrel-windows-x86_64 | 0.0.10 | 4.00 | 54.00 | 58.00 | OK |
Version: 0.0.10
Check: HTML version of manual
Result: NOTE
Found the following HTML validation problems:
tables.html:50:1 (tables.Rd:12): Warning: missing </ul> before </div>
Flavor: r-devel-linux-x86_64-debian-clang
These binaries (installable software) and packages are in development.
They may not be fully stable and should be used with caution. We make no claims about them.