Last updated on 2025-05-01 14:49:06 CEST.
Flavor | Version | Tinstall | Tcheck | Ttotal | Status | Flags |
---|---|---|---|---|---|---|
r-devel-linux-x86_64-debian-clang | 3.0.1 | 13.91 | 164.62 | 178.53 | NOTE | |
r-devel-linux-x86_64-debian-gcc | 3.0.1 | 8.78 | 98.12 | 106.90 | OK | |
r-devel-linux-x86_64-fedora-clang | 3.0.1 | 283.94 | OK | |||
r-devel-linux-x86_64-fedora-gcc | 3.0.1 | 276.94 | OK | |||
r-devel-windows-x86_64 | 3.0.1 | 14.00 | 228.00 | 242.00 | OK | |
r-patched-linux-x86_64 | 3.0.1 | 14.72 | 154.94 | 169.66 | OK | |
r-release-linux-x86_64 | OK | |||||
r-release-macos-arm64 | 3.0.1 | 72.00 | OK | |||
r-release-macos-x86_64 | 3.0.1 | 173.00 | OK | |||
r-release-windows-x86_64 | 3.0.1 | 17.00 | 234.00 | 251.00 | OK | |
r-oldrel-macos-arm64 | 3.0.1 | 73.00 | OK | |||
r-oldrel-macos-x86_64 | 3.0.1 | 258.00 | OK | |||
r-oldrel-windows-x86_64 | 3.0.1 | 14.00 | 262.00 | 276.00 | OK |
Version: 3.0.1
Check: examples
Result: NOTE
Examples with CPU (user + system) or elapsed time > 5s
user system elapsed
Exact_multinomial_test_1xc 5.579 0.004 6.864
MidP_multinomial_test_1xc 5.227 0.000 6.141
CochranArmitage_exact_cond_midP_tests_rx2 4.486 0.006 5.270
Flavor: r-devel-linux-x86_64-debian-clang
These binaries (installable software) and packages are in development.
They may not be fully stable and should be used with caution. We make no claims about them.