Last updated on 2025-02-16 10:50:43 CET.
Flavor | Version | Tinstall | Tcheck | Ttotal | Status | Flags |
---|---|---|---|---|---|---|
r-devel-linux-x86_64-debian-clang | 1.0.5 | 19.25 | 27.68 | 46.93 | NOTE | |
r-devel-linux-x86_64-debian-gcc | 1.0.5 | 14.61 | 21.66 | 36.27 | NOTE | |
r-devel-linux-x86_64-fedora-clang | 1.0.5 | 93.65 | NOTE | |||
r-devel-linux-x86_64-fedora-gcc | 1.0.5 | 85.04 | NOTE | |||
r-devel-macos-arm64 | 1.0.5 | 27.00 | NOTE | |||
r-devel-macos-x86_64 | 1.0.5 | 39.00 | NOTE | |||
r-devel-windows-x86_64 | 1.0.5 | 24.00 | 76.00 | 100.00 | NOTE | |
r-patched-linux-x86_64 | 1.0.5 | 18.82 | 26.70 | 45.52 | NOTE | |
r-release-linux-x86_64 | 1.0.5 | 19.99 | 26.21 | 46.20 | NOTE | |
r-release-macos-arm64 | 1.0.5 | 29.00 | NOTE | |||
r-release-macos-x86_64 | 1.0.5 | 36.00 | NOTE | |||
r-release-windows-x86_64 | 1.0.5 | 22.00 | 69.00 | 91.00 | NOTE | |
r-oldrel-macos-arm64 | 1.0.5 | 34.00 | NOTE | |||
r-oldrel-macos-x86_64 | 1.0.5 | 49.00 | NOTE | |||
r-oldrel-windows-x86_64 | 1.0.5 | 28.00 | 82.00 | 110.00 | NOTE |
Version: 1.0.5
Check: C++ specification
Result: NOTE
Specified C++11: please drop specification unless essential
Flavors: r-devel-linux-x86_64-debian-clang, r-devel-linux-x86_64-debian-gcc, r-devel-linux-x86_64-fedora-clang, r-devel-linux-x86_64-fedora-gcc, r-devel-macos-arm64, r-devel-macos-x86_64, r-devel-windows-x86_64, r-patched-linux-x86_64, r-release-linux-x86_64, r-release-macos-arm64, r-release-macos-x86_64, r-release-windows-x86_64, r-oldrel-macos-arm64, r-oldrel-macos-x86_64, r-oldrel-windows-x86_64
Version: 1.0.5
Check: Rd files
Result: NOTE
checkRd: (-1) getConvexHull.Rd:28: Lost braces in \itemize; meant \describe ?
checkRd: (-1) getConvexHull.Rd:29: Lost braces in \itemize; meant \describe ?
checkRd: (-1) getConvexHull.Rd:30: Lost braces in \itemize; meant \describe ?
Flavors: r-devel-linux-x86_64-debian-clang, r-devel-linux-x86_64-debian-gcc, r-devel-linux-x86_64-fedora-clang, r-devel-linux-x86_64-fedora-gcc, r-devel-macos-arm64, r-devel-macos-x86_64, r-devel-windows-x86_64, r-patched-linux-x86_64, r-release-linux-x86_64, r-release-macos-arm64, r-release-macos-x86_64, r-release-windows-x86_64
Version: 1.0.5
Check: compiled code
Result: NOTE
File ‘contoureR/libs/contoureR.so’:
Found no calls to: ‘R_registerRoutines’, ‘R_useDynamicSymbols’
It is good practice to register native routines and to disable symbol
search.
See ‘Writing portable packages’ in the ‘Writing R Extensions’ manual.
Flavors: r-devel-linux-x86_64-fedora-clang, r-devel-linux-x86_64-fedora-gcc
These binaries (installable software) and packages are in development.
They may not be fully stable and should be used with caution. We make no claims about them.