CRAN Package Check Results for Package contrastable

Last updated on 2025-02-16 10:50:43 CET.

Flavor Version Tinstall Tcheck Ttotal Status Flags
r-devel-linux-x86_64-debian-clang 1.0.2 4.54 58.10 62.64 NOTE
r-devel-linux-x86_64-debian-gcc 1.0.2 3.14 43.36 46.50 NOTE
r-devel-linux-x86_64-fedora-clang 1.0.2 104.90 NOTE
r-devel-linux-x86_64-fedora-gcc 1.0.2 113.36 NOTE
r-devel-macos-arm64 1.0.2 42.00 OK
r-devel-macos-x86_64 1.0.2 77.00 NOTE
r-devel-windows-x86_64 1.0.2 6.00 84.00 90.00 NOTE
r-patched-linux-x86_64 1.0.2 5.46 54.94 60.40 OK
r-release-linux-x86_64 1.0.2 3.94 54.26 58.20 OK
r-release-macos-arm64 1.0.2 45.00 OK
r-release-macos-x86_64 1.0.2 77.00 OK
r-release-windows-x86_64 1.0.2 7.00 85.00 92.00 OK
r-oldrel-macos-arm64 1.0.2 48.00 OK
r-oldrel-macos-x86_64 1.0.2 82.00 OK
r-oldrel-windows-x86_64 1.0.2 7.00 94.00 101.00 OK

Check Details

Version: 1.0.2
Check: DESCRIPTION meta-information
Result: NOTE Missing dependency on R >= 4.1.0 because package code uses the pipe |> or function shorthand \(...) syntax added in R 4.1.0. File(s) using such syntax: ‘expand_formulas.R’ ‘factor_coercion_messages.R’ ‘glimpse_contrasts.R’ ‘make_parameters.R’ ‘use_contrast.R’ ‘utils_check_labels.R’ ‘utils_trymatch.R’ Flavors: r-devel-linux-x86_64-debian-clang, r-devel-linux-x86_64-debian-gcc, r-devel-linux-x86_64-fedora-clang, r-devel-linux-x86_64-fedora-gcc, r-devel-macos-x86_64, r-devel-windows-x86_64

These binaries (installable software) and packages are in development.
They may not be fully stable and should be used with caution. We make no claims about them.