Last updated on 2025-05-01 15:49:28 CEST.
Flavor | Version | Tinstall | Tcheck | Ttotal | Status | Flags |
---|---|---|---|---|---|---|
r-devel-linux-x86_64-debian-clang | 0.2.5 | 4.45 | 43.85 | 48.30 | NOTE | |
r-devel-linux-x86_64-debian-gcc | 0.2.5 | 2.95 | 30.64 | 33.59 | NOTE | |
r-devel-linux-x86_64-fedora-clang | 0.2.5 | 76.37 | OK | |||
r-devel-linux-x86_64-fedora-gcc | 0.2.5 | 72.77 | OK | |||
r-devel-windows-x86_64 | 0.2.5 | 5.00 | 78.00 | 83.00 | OK | |
r-patched-linux-x86_64 | 0.2.5 | 5.68 | 40.40 | 46.08 | OK | |
r-release-linux-x86_64 | OK | |||||
r-release-macos-arm64 | 0.2.5 | 26.00 | OK | |||
r-release-macos-x86_64 | 0.2.5 | 47.00 | OK | |||
r-release-windows-x86_64 | 0.2.5 | 5.00 | 83.00 | 88.00 | OK | |
r-oldrel-macos-arm64 | 0.2.5 | 24.00 | NOTE | |||
r-oldrel-macos-x86_64 | 0.2.5 | 41.00 | NOTE | |||
r-oldrel-windows-x86_64 | 0.2.5 | 7.00 | 82.00 | 89.00 | NOTE |
Version: 0.2.5
Check: CRAN incoming feasibility
Result: NOTE
Maintainer: ‘Ben C. Ubah <ubah.ben22@gmail.com>’
No Authors@R field in DESCRIPTION.
Please add one, modifying
Authors@R: person(given = c("Ben", "C."),
family = "Ubah",
role = c("aut", "cre"),
email = "ubah.ben22@gmail.com")
as necessary.
Flavors: r-devel-linux-x86_64-debian-clang, r-devel-linux-x86_64-debian-gcc
Version: 0.2.5
Check: LazyData
Result: NOTE
'LazyData' is specified without a 'data' directory
Flavors: r-oldrel-macos-arm64, r-oldrel-macos-x86_64, r-oldrel-windows-x86_64
These binaries (installable software) and packages are in development.
They may not be fully stable and should be used with caution. We make no claims about them.