Last updated on 2025-02-16 12:53:32 CET.
Flavor | Version | Tinstall | Tcheck | Ttotal | Status | Flags |
---|---|---|---|---|---|---|
r-devel-linux-x86_64-debian-clang | 0.2.1 | 7.26 | 437.09 | 444.35 | NOTE | |
r-devel-linux-x86_64-debian-gcc | 0.2.1 | 3.77 | 285.71 | 289.48 | NOTE | |
r-devel-linux-x86_64-fedora-clang | 0.2.1 | 719.34 | OK | |||
r-devel-linux-x86_64-fedora-gcc | 0.2.1 | 642.72 | OK | |||
r-devel-macos-arm64 | 0.2.1 | 204.00 | OK | |||
r-devel-macos-x86_64 | 0.2.1 | 381.00 | OK | |||
r-devel-windows-x86_64 | 0.2.1 | 7.00 | 434.00 | 441.00 | NOTE | |
r-patched-linux-x86_64 | 0.2.1 | 16.89 | 367.40 | 384.29 | OK | |
r-release-linux-x86_64 | 0.2.1 | 5.56 | 367.13 | 372.69 | OK | |
r-release-macos-arm64 | 0.2.1 | 221.00 | OK | |||
r-release-macos-x86_64 | 0.2.1 | 272.00 | OK | |||
r-release-windows-x86_64 | 0.2.1 | 8.00 | 418.00 | 426.00 | OK | |
r-oldrel-macos-arm64 | 0.2.1 | 174.00 | OK | |||
r-oldrel-macos-x86_64 | 0.2.1 | 366.00 | OK | |||
r-oldrel-windows-x86_64 | 0.2.1 | 10.00 | 525.00 | 535.00 | OK |
Version: 0.2.1
Check: Rd cross-references
Result: NOTE
Found the following Rd file(s) with Rd \link{} targets missing package
anchors:
curve_cont.Rd: riskRegression
plot_surv_3Dsurface.Rd: riskRegression
plot_surv_animated.Rd: riskRegression, facet_wrap
plot_surv_area.Rd: riskRegression, facet_wrap
plot_surv_at_t.Rd: riskRegression, facet_wrap
plot_surv_contour.Rd: riskRegression, ggplot2, facet_wrap
plot_surv_heatmap.Rd: riskRegression, facet_wrap
plot_surv_lines.Rd: riskRegression, facet_wrap
plot_surv_matrix.Rd: riskRegression, facet_wrap
plot_surv_quantiles.Rd: riskRegression, facet_wrap
plot_surv_rmst.Rd: riskRegression, facet_wrap
plot_surv_rmtl.Rd: riskRegression, facet_wrap
Please provide package anchors for all Rd \link{} targets not in the
package itself and the base packages.
Flavors: r-devel-linux-x86_64-debian-clang, r-devel-linux-x86_64-debian-gcc, r-devel-windows-x86_64
These binaries (installable software) and packages are in development.
They may not be fully stable and should be used with caution. We make no claims about them.