Last updated on 2024-07-27 15:50:14 CEST.
Flavor | Version | Tinstall | Tcheck | Ttotal | Status | Flags |
---|---|---|---|---|---|---|
r-devel-linux-x86_64-debian-clang | 0.7.3.2 | 10.41 | 170.15 | 180.56 | OK | |
r-devel-linux-x86_64-debian-gcc | 0.7.3.2 | OK | ||||
r-devel-linux-x86_64-fedora-clang | 0.7.3.2 | 241.34 | NOTE | |||
r-devel-linux-x86_64-fedora-gcc | 0.7.3.2 | 228.49 | NOTE | |||
r-devel-windows-x86_64 | 0.7.3.2 | 11.00 | 137.00 | 148.00 | OK | |
r-patched-linux-x86_64 | 0.7.3.2 | OK | ||||
r-release-linux-x86_64 | 0.7.3.2 | 6.51 | 164.59 | 171.10 | OK | |
r-release-macos-arm64 | 0.7.3.2 | 63.00 | OK | |||
r-release-macos-x86_64 | 0.7.3.2 | 97.00 | OK | |||
r-release-windows-x86_64 | 0.7.3.2 | 10.00 | 135.00 | 145.00 | OK | |
r-oldrel-macos-arm64 | 0.7.3.2 | 59.00 | OK | |||
r-oldrel-macos-x86_64 | 0.7.3.2 | 118.00 | OK | |||
r-oldrel-windows-x86_64 | 0.7.3.2 | 13.00 | 167.00 | 180.00 | OK |
Version: 0.7.3.2
Check: data for non-ASCII characters
Result: NOTE
Note: found 1 marked UTF-8 string
Flavors: r-devel-linux-x86_64-fedora-clang, r-devel-linux-x86_64-fedora-gcc
These binaries (installable software) and packages are in development.
They may not be fully stable and should be used with caution. We make no claims about them.