Last updated on 2025-05-01 15:49:28 CEST.
Flavor | Version | Tinstall | Tcheck | Ttotal | Status | Flags |
---|---|---|---|---|---|---|
r-devel-linux-x86_64-debian-clang | 0.1.10 | 20.97 | 185.53 | 206.50 | OK | |
r-devel-linux-x86_64-debian-gcc | 0.1.10 | 15.29 | 131.64 | 146.93 | OK | |
r-devel-linux-x86_64-fedora-clang | 0.1.10 | 354.62 | OK | |||
r-devel-linux-x86_64-fedora-gcc | 0.1.10 | 306.48 | OK | |||
r-devel-windows-x86_64 | 0.1.10 | 22.00 | 166.00 | 188.00 | OK | |
r-patched-linux-x86_64 | 0.1.10 | 22.78 | 174.59 | 197.37 | OK | |
r-release-linux-x86_64 | OK | |||||
r-release-macos-arm64 | 0.1.10 | 5.00 | ERROR | |||
r-release-macos-x86_64 | 0.1.10 | 6.00 | ERROR | |||
r-release-windows-x86_64 | 0.1.10 | 22.00 | 170.00 | 192.00 | OK | |
r-oldrel-macos-arm64 | 0.1.10 | 10.00 | ERROR | |||
r-oldrel-macos-x86_64 | 0.1.10 | 208.00 | OK | |||
r-oldrel-windows-x86_64 | 0.1.10 | 24.00 | 205.00 | 229.00 | OK |
Version: 0.1.10
Check: package dependencies
Result: ERROR
Packages required but not available: 'org.Hs.eg.db', 'org.Mm.eg.db'
See section ‘The DESCRIPTION file’ in the ‘Writing R Extensions’
manual.
Flavor: r-release-macos-arm64
Version: 0.1.10
Check: package dependencies
Result: ERROR
Package required but not available: ‘org.Mm.eg.db’
See section ‘The DESCRIPTION file’ in the ‘Writing R Extensions’
manual.
Flavors: r-release-macos-x86_64, r-oldrel-macos-arm64
These binaries (installable software) and packages are in development.
They may not be fully stable and should be used with caution. We make no claims about them.