Last updated on 2025-05-08 04:52:01 CEST.
Flavor | Version | Tinstall | Tcheck | Ttotal | Status | Flags |
---|---|---|---|---|---|---|
r-devel-linux-x86_64-debian-clang | 0.1 | 1.96 | 19.80 | 21.76 | NOTE | |
r-devel-linux-x86_64-debian-gcc | 0.1 | 1.55 | 16.13 | 17.68 | NOTE | |
r-devel-linux-x86_64-fedora-clang | 0.1 | 35.23 | OK | |||
r-devel-linux-x86_64-fedora-gcc | 0.1 | 32.86 | OK | |||
r-devel-windows-x86_64 | 0.1 | 4.00 | 42.00 | 46.00 | OK | |
r-patched-linux-x86_64 | 0.1 | 1.81 | 19.03 | 20.84 | OK | |
r-release-linux-x86_64 | 0.1 | 1.22 | 18.91 | 20.13 | OK | |
r-release-macos-arm64 | 0.1 | 17.00 | OK | |||
r-release-macos-x86_64 | 0.1 | 33.00 | OK | |||
r-release-windows-x86_64 | 0.1 | 4.00 | 43.00 | 47.00 | OK | |
r-oldrel-macos-arm64 | 0.1 | 16.00 | NOTE | |||
r-oldrel-macos-x86_64 | 0.1 | 26.00 | NOTE | |||
r-oldrel-windows-x86_64 | 0.1 | 4.00 | 45.00 | 49.00 | NOTE |
Version: 0.1
Check: CRAN incoming feasibility
Result: NOTE
Maintainer: ‘Gordon Shotwell <g.e.shotwell@gmail.com>’
Found the following (possibly) invalid file URI:
URI: CONDUCT.md
From: README.md
Flavors: r-devel-linux-x86_64-debian-clang, r-devel-linux-x86_64-debian-gcc
Version: 0.1
Check: LazyData
Result: NOTE
'LazyData' is specified without a 'data' directory
Flavors: r-oldrel-macos-arm64, r-oldrel-macos-x86_64, r-oldrel-windows-x86_64
These binaries (installable software) and packages are in development.
They may not be fully stable and should be used with caution. We make no claims about them.