CRAN Package Check Results for Package convertr

Last updated on 2025-10-23 17:50:45 CEST.

Flavor Version Tinstall Tcheck Ttotal Status Flags
r-devel-linux-x86_64-debian-clang 0.1 1.61 21.30 22.91 NOTE
r-devel-linux-x86_64-debian-gcc 0.1 1.56 17.57 19.13 NOTE
r-devel-linux-x86_64-fedora-clang 0.1 26.96 OK
r-devel-linux-x86_64-fedora-gcc 0.1 33.22 OK
r-devel-windows-x86_64 0.1 4.00 40.00 44.00 OK
r-patched-linux-x86_64 0.1 1.42 20.54 21.96 OK
r-release-linux-x86_64 0.1 2.00 20.40 22.40 OK
r-release-macos-arm64 0.1 1.00 16.00 17.00 OK
r-release-macos-x86_64 0.1 2.00 31.00 33.00 OK
r-release-windows-x86_64 0.1 5.00 43.00 48.00 OK
r-oldrel-macos-arm64 0.1 1.00 15.00 16.00 NOTE
r-oldrel-macos-x86_64 0.1 2.00 24.00 26.00 NOTE
r-oldrel-windows-x86_64 0.1 4.00 47.00 51.00 NOTE

Check Details

Version: 0.1
Check: CRAN incoming feasibility
Result: NOTE Maintainer: ‘Gordon Shotwell <g.e.shotwell@gmail.com>’ Found the following (possibly) invalid file URI: URI: CONDUCT.md From: README.md Flavors: r-devel-linux-x86_64-debian-clang, r-devel-linux-x86_64-debian-gcc

Version: 0.1
Check: LazyData
Result: NOTE 'LazyData' is specified without a 'data' directory Flavors: r-oldrel-macos-arm64, r-oldrel-macos-x86_64, r-oldrel-windows-x86_64

These binaries (installable software) and packages are in development.
They may not be fully stable and should be used with caution. We make no claims about them.