Last updated on 2025-05-01 15:49:28 CEST.
Flavor | Version | Tinstall | Tcheck | Ttotal | Status | Flags |
---|---|---|---|---|---|---|
r-devel-linux-x86_64-debian-clang | 2.2.7 | 13.57 | 121.99 | 135.56 | NOTE | |
r-devel-linux-x86_64-debian-gcc | 2.2.7 | 10.16 | 78.90 | 89.06 | OK | |
r-devel-linux-x86_64-fedora-clang | 2.2.7 | 210.47 | OK | |||
r-devel-linux-x86_64-fedora-gcc | 2.2.7 | 216.06 | OK | |||
r-devel-windows-x86_64 | 2.2.7 | 16.00 | 170.00 | 186.00 | OK | |
r-patched-linux-x86_64 | 2.2.7 | 18.92 | 114.79 | 133.71 | OK | |
r-release-linux-x86_64 | OK | |||||
r-release-macos-arm64 | 2.2.7 | 67.00 | OK | |||
r-release-macos-x86_64 | 2.2.7 | 119.00 | OK | |||
r-release-windows-x86_64 | 2.2.7 | 16.00 | 176.00 | 192.00 | OK | |
r-oldrel-macos-arm64 | 2.2.7 | 61.00 | OK | |||
r-oldrel-macos-x86_64 | 2.2.7 | 156.00 | OK | |||
r-oldrel-windows-x86_64 | 2.2.7 | 19.00 | 203.00 | 222.00 | OK |
Version: 2.2.7
Check: examples
Result: NOTE
Examples with CPU (user + system) or elapsed time > 5s
user system elapsed
FRcop 5.221 0 6.766
Flavor: r-devel-linux-x86_64-debian-clang
These binaries (installable software) and packages are in development.
They may not be fully stable and should be used with caution. We make no claims about them.