Last updated on 2025-02-02 16:49:04 CET.
Flavor | Version | Tinstall | Tcheck | Ttotal | Status | Flags |
---|---|---|---|---|---|---|
r-devel-linux-x86_64-debian-clang | 2.0-4 | 27.20 | 47.40 | 74.60 | NOTE | |
r-devel-linux-x86_64-debian-gcc | 2.0-4 | 17.15 | 35.35 | 52.50 | NOTE | |
r-devel-linux-x86_64-fedora-clang | 2.0-4 | 132.11 | NOTE | |||
r-devel-linux-x86_64-fedora-gcc | 2.0-4 | 128.55 | NOTE | |||
r-devel-windows-x86_64 | 2.0-4 | 30.00 | 89.00 | 119.00 | NOTE | |
r-patched-linux-x86_64 | 2.0-4 | 25.15 | 45.17 | 70.32 | NOTE | |
r-release-linux-x86_64 | 2.0-4 | 24.92 | 45.43 | 70.35 | NOTE | |
r-release-macos-arm64 | 2.0-4 | 36.00 | NOTE | |||
r-release-macos-x86_64 | 2.0-4 | 56.00 | NOTE | |||
r-release-windows-x86_64 | 2.0-4 | 29.00 | 81.00 | 110.00 | NOTE | |
r-oldrel-macos-arm64 | 2.0-4 | 39.00 | OK | |||
r-oldrel-macos-x86_64 | 2.0-4 | 57.00 | OK | |||
r-oldrel-windows-x86_64 | 2.0-4 | 33.00 | 93.00 | 126.00 | OK |
Version: 2.0-4
Check: Rd files
Result: NOTE
checkRd: (-1) copCAR.Rd:40: Lost braces
40 | item{\code{maxit}}{the maximum number of iterations to be used by \code{\link{optim}} when optimizing the objective function. Defaults to \code{1000}.}
| ^
checkRd: (-1) copCAR.Rd:40: Lost braces
40 | item{\code{maxit}}{the maximum number of iterations to be used by \code{\link{optim}} when optimizing the objective function. Defaults to \code{1000}.}
| ^
Flavors: r-devel-linux-x86_64-debian-clang, r-devel-linux-x86_64-debian-gcc, r-devel-linux-x86_64-fedora-clang, r-devel-linux-x86_64-fedora-gcc, r-devel-windows-x86_64, r-patched-linux-x86_64, r-release-linux-x86_64, r-release-macos-arm64, r-release-macos-x86_64, r-release-windows-x86_64
These binaries (installable software) and packages are in development.
They may not be fully stable and should be used with caution. We make no claims about them.