Last updated on 2024-07-27 15:50:14 CEST.
Flavor | Version | Tinstall | Tcheck | Ttotal | Status | Flags |
---|---|---|---|---|---|---|
r-devel-linux-x86_64-debian-clang | 2.0-4 | 28.47 | 63.23 | 91.70 | NOTE | |
r-devel-linux-x86_64-debian-gcc | 2.0-4 | NOTE | ||||
r-devel-linux-x86_64-fedora-clang | 2.0-4 | 136.78 | NOTE | |||
r-devel-linux-x86_64-fedora-gcc | 2.0-4 | 121.79 | NOTE | |||
r-devel-windows-x86_64 | 2.0-4 | 30.00 | 78.00 | 108.00 | NOTE | |
r-patched-linux-x86_64 | 2.0-4 | NOTE | ||||
r-release-linux-x86_64 | 2.0-4 | 22.80 | 59.73 | 82.53 | NOTE | |
r-release-macos-arm64 | 2.0-4 | 36.00 | NOTE | |||
r-release-macos-x86_64 | 2.0-4 | 56.00 | NOTE | |||
r-release-windows-x86_64 | 2.0-4 | 34.00 | 80.00 | 114.00 | NOTE | |
r-oldrel-macos-arm64 | 2.0-4 | 39.00 | OK | |||
r-oldrel-macos-x86_64 | 2.0-4 | 57.00 | OK | |||
r-oldrel-windows-x86_64 | 2.0-4 | 35.00 | 92.00 | 127.00 | OK |
Version: 2.0-4
Check: Rd files
Result: NOTE
checkRd: (-1) copCAR.Rd:40: Lost braces
40 | item{\code{maxit}}{the maximum number of iterations to be used by \code{\link{optim}} when optimizing the objective function. Defaults to \code{1000}.}
| ^
checkRd: (-1) copCAR.Rd:40: Lost braces
40 | item{\code{maxit}}{the maximum number of iterations to be used by \code{\link{optim}} when optimizing the objective function. Defaults to \code{1000}.}
| ^
Flavors: r-devel-linux-x86_64-debian-clang, r-devel-linux-x86_64-debian-gcc, r-devel-linux-x86_64-fedora-clang, r-devel-linux-x86_64-fedora-gcc, r-devel-windows-x86_64, r-patched-linux-x86_64, r-release-linux-x86_64, r-release-macos-arm64, r-release-macos-x86_64, r-release-windows-x86_64
These binaries (installable software) and packages are in development.
They may not be fully stable and should be used with caution. We make no claims about them.