Last updated on 2025-10-31 13:50:46 CET.
| Flavor | Version | Tinstall | Tcheck | Ttotal | Status | Flags | 
|---|---|---|---|---|---|---|
| r-devel-linux-x86_64-debian-clang | 0.2.3 | 5.35 | 58.65 | 64.00 | NOTE | |
| r-devel-linux-x86_64-debian-gcc | 0.2.3 | 3.76 | 40.02 | 43.78 | NOTE | |
| r-devel-linux-x86_64-fedora-clang | 0.2.3 | 91.81 | NOTE | |||
| r-devel-linux-x86_64-fedora-gcc | 0.2.3 | 11.00 | 75.22 | 86.22 | NOTE | |
| r-devel-windows-x86_64 | 0.2.3 | 6.00 | 68.00 | 74.00 | NOTE | |
| r-patched-linux-x86_64 | 0.2.3 | 5.63 | 56.28 | 61.91 | NOTE | |
| r-release-linux-x86_64 | 0.2.3 | 4.99 | 56.29 | 61.28 | NOTE | |
| r-release-macos-arm64 | 0.2.3 | 3.00 | 29.00 | 32.00 | NOTE | |
| r-release-macos-x86_64 | 0.2.3 | 7.00 | 54.00 | 61.00 | NOTE | |
| r-release-windows-x86_64 | 0.2.3 | 7.00 | 69.00 | 76.00 | NOTE | |
| r-oldrel-macos-arm64 | 0.2.3 | 2.00 | 26.00 | 28.00 | NOTE | |
| r-oldrel-macos-x86_64 | 0.2.3 | 4.00 | 50.00 | 54.00 | NOTE | |
| r-oldrel-windows-x86_64 | 0.2.3 | 8.00 | 85.00 | 93.00 | NOTE | 
Version: 0.2.3
Check: Rd files
Result: NOTE
  checkRd: (-1) ComputeCope.Rd:50: Lost braces in \itemize; \value handles \item{}{} directly
  checkRd: (-1) ComputeCope.Rd:52: Lost braces in \itemize; \value handles \item{}{} directly
  checkRd: (-1) ComputeCope.Rd:53: Lost braces in \itemize; \value handles \item{}{} directly
  checkRd: (-1) ComputeCope.Rd:54-56: Lost braces in \itemize; \value handles \item{}{} directly
  checkRd: (-1) ComputeCope.Rd:57-61: Lost braces in \itemize; \value handles \item{}{} directly
  checkRd: (-1) DrawContour.Rd:5: Lost braces; missing escapes or markup?
       5 | \title{Draws the contour {f=c}.}
         |                          ^
  checkRd: (-1) DrawContour.Rd:20: Lost braces; missing escapes or markup?
      20 | Draws the contour {f=c}.
         |                   ^
  checkRd: (-1) cope.Rd:24: Lost braces in \itemize; meant \describe ?
  checkRd: (-1) cope.Rd:25: Lost braces in \itemize; meant \describe ?
  checkRd: (-1) cope.Rd:33: Lost braces in \itemize; meant \describe ?
  checkRd: (-1) cope.Rd:35: Lost braces in \itemize; meant \describe ?
Flavors: r-devel-linux-x86_64-debian-clang, r-devel-linux-x86_64-debian-gcc, r-devel-linux-x86_64-fedora-clang, r-devel-linux-x86_64-fedora-gcc, r-devel-windows-x86_64, r-patched-linux-x86_64, r-release-linux-x86_64, r-release-macos-arm64, r-release-macos-x86_64, r-release-windows-x86_64, r-oldrel-macos-arm64, r-oldrel-macos-x86_64, r-oldrel-windows-x86_64
These binaries (installable software) and packages are in development.
They may not be fully stable and should be used with caution. We make no claims about them.