Last updated on 2025-02-16 10:50:43 CET.
Flavor | Version | Tinstall | Tcheck | Ttotal | Status | Flags |
---|---|---|---|---|---|---|
r-devel-linux-x86_64-debian-clang | 1.4.1 | 31.89 | 128.41 | 160.30 | NOTE | |
r-devel-linux-x86_64-debian-gcc | 1.4.1 | 23.32 | 95.08 | 118.40 | NOTE | |
r-devel-linux-x86_64-fedora-clang | 1.4.1 | 279.06 | OK | |||
r-devel-linux-x86_64-fedora-gcc | 1.4.1 | 282.15 | OK | |||
r-devel-macos-arm64 | 1.4.1 | 82.00 | OK | |||
r-devel-macos-x86_64 | 1.4.1 | 175.00 | OK | |||
r-devel-windows-x86_64 | 1.4.1 | 38.00 | 163.00 | 201.00 | NOTE | |
r-patched-linux-x86_64 | 1.4.1 | 36.86 | 121.78 | 158.64 | OK | |
r-release-linux-x86_64 | 1.4.1 | 32.94 | 122.30 | 155.24 | OK | |
r-release-macos-arm64 | 1.4.1 | 84.00 | NOTE | |||
r-release-macos-x86_64 | 1.4.1 | 187.00 | NOTE | |||
r-release-windows-x86_64 | 1.4.1 | 37.00 | 165.00 | 202.00 | NOTE | |
r-oldrel-macos-arm64 | 1.4.1 | 102.00 | NOTE | |||
r-oldrel-macos-x86_64 | 1.4.1 | 203.00 | NOTE | |||
r-oldrel-windows-x86_64 | 1.4.1 | 46.00 | 199.00 | 245.00 | NOTE |
Version: 1.4.1
Check: Rd cross-references
Result: NOTE
Found the following Rd file(s) with Rd \link{} targets missing package
anchors:
cophe.prepare.dat.susie.Rd: runsusie
cophe.susie.Rd: check_dataset, runsusie
cophe.susie.lbf.Rd: runsusie
cophe_heatmap.Rd: pheatmap
Please provide package anchors for all Rd \link{} targets not in the
package itself and the base packages.
Flavors: r-devel-linux-x86_64-debian-clang, r-devel-linux-x86_64-debian-gcc, r-devel-windows-x86_64
Version: 1.4.1
Check: installed package size
Result: NOTE
installed size is 6.1Mb
sub-directories of 1Mb or more:
data 3.5Mb
libs 2.1Mb
Flavors: r-release-macos-arm64, r-release-macos-x86_64, r-release-windows-x86_64, r-oldrel-macos-arm64, r-oldrel-macos-x86_64, r-oldrel-windows-x86_64
These binaries (installable software) and packages are in development.
They may not be fully stable and should be used with caution. We make no claims about them.