CRAN Package Check Results for Package coppeCosenzaR

Last updated on 2025-02-16 10:50:43 CET.

Flavor Version Tinstall Tcheck Ttotal Status Flags
r-devel-linux-x86_64-debian-clang 0.1.3 4.81 25.98 30.79 OK
r-devel-linux-x86_64-debian-gcc 0.1.3 3.12 19.98 23.10 OK
r-devel-linux-x86_64-fedora-clang 0.1.3 51.32 OK
r-devel-linux-x86_64-fedora-gcc 0.1.3 47.80 OK
r-devel-macos-arm64 0.1.3 19.00 OK
r-devel-macos-x86_64 0.1.3 32.00 OK
r-devel-windows-x86_64 0.1.3 5.00 54.00 59.00 OK
r-patched-linux-x86_64 0.1.3 4.92 24.99 29.91 NOTE
r-release-linux-x86_64 0.1.3 4.41 24.70 29.11 NOTE
r-release-macos-arm64 0.1.3 24.00 NOTE
r-release-macos-x86_64 0.1.3 28.00 NOTE
r-release-windows-x86_64 0.1.3 5.00 57.00 62.00 NOTE
r-oldrel-macos-arm64 0.1.3 19.00 NOTE
r-oldrel-macos-x86_64 0.1.3 27.00 NOTE
r-oldrel-windows-x86_64 0.1.3 5.00 80.00 85.00 NOTE

Check Details

Version: 0.1.3
Check: LazyData
Result: NOTE 'LazyData' is specified without a 'data' directory Flavors: r-patched-linux-x86_64, r-release-linux-x86_64, r-release-macos-arm64, r-release-macos-x86_64, r-release-windows-x86_64, r-oldrel-macos-arm64, r-oldrel-macos-x86_64, r-oldrel-windows-x86_64

These binaries (installable software) and packages are in development.
They may not be fully stable and should be used with caution. We make no claims about them.