Last updated on 2024-06-22 19:58:01 CEST.
Flavor | Version | Tinstall | Tcheck | Ttotal | Status | Flags |
---|---|---|---|---|---|---|
r-devel-linux-x86_64-debian-clang | 0.2.1 | 99.01 | 47.33 | 146.34 | OK | |
r-devel-linux-x86_64-debian-gcc | 0.2.1 | 63.86 | 35.01 | 98.87 | OK | |
r-devel-linux-x86_64-fedora-clang | 0.2.1 | 217.63 | OK | |||
r-devel-linux-x86_64-fedora-gcc | 0.2.1 | 216.96 | OK | |||
r-devel-windows-x86_64 | 0.2.1 | 80.00 | 78.00 | 158.00 | OK | |
r-patched-linux-x86_64 | 0.2.1 | 82.73 | 44.27 | 127.00 | OK | |
r-release-linux-x86_64 | 0.2.1 | 78.99 | 45.45 | 124.44 | OK | |
r-release-macos-arm64 | 0.2.1 | 44.00 | NOTE | |||
r-release-macos-x86_64 | 0.2.1 | 51.00 | NOTE | |||
r-release-windows-x86_64 | 0.2.1 | 84.00 | 79.00 | 163.00 | OK | |
r-oldrel-macos-arm64 | 0.2.1 | 51.00 | NOTE | |||
r-oldrel-macos-x86_64 | 0.2.1 | 64.00 | NOTE | |||
r-oldrel-windows-x86_64 | 0.2.1 | 99.00 | 92.00 | 191.00 | OK |
Version: 0.2.1
Check: installed package size
Result: NOTE
installed size is 5.7Mb
sub-directories of 1Mb or more:
help 2.6Mb
libs 3.1Mb
Flavors: r-release-macos-arm64, r-release-macos-x86_64, r-oldrel-macos-arm64, r-oldrel-macos-x86_64
These binaries (installable software) and packages are in development.
They may not be fully stable and should be used with caution. We make no claims about them.