Last updated on 2025-02-16 10:50:43 CET.
Flavor | Version | Tinstall | Tcheck | Ttotal | Status | Flags |
---|---|---|---|---|---|---|
r-devel-linux-x86_64-debian-clang | 0.2.1 | 59.92 | 35.78 | 95.70 | OK | |
r-devel-linux-x86_64-debian-gcc | 0.2.1 | 40.35 | 27.16 | 67.51 | OK | |
r-devel-linux-x86_64-fedora-clang | 0.2.1 | 193.67 | OK | |||
r-devel-linux-x86_64-fedora-gcc | 0.2.1 | 183.60 | OK | |||
r-devel-macos-arm64 | 0.2.1 | 41.00 | OK | |||
r-devel-macos-x86_64 | 0.2.1 | 61.00 | OK | |||
r-devel-windows-x86_64 | 0.2.1 | 64.00 | 82.00 | 146.00 | OK | |
r-patched-linux-x86_64 | 0.2.1 | 55.27 | 33.60 | 88.87 | OK | |
r-release-linux-x86_64 | 0.2.1 | 55.11 | 33.96 | 89.07 | OK | |
r-release-macos-arm64 | 0.2.1 | 44.00 | NOTE | |||
r-release-macos-x86_64 | 0.2.1 | 51.00 | NOTE | |||
r-release-windows-x86_64 | 0.2.1 | 65.00 | 78.00 | 143.00 | OK | |
r-oldrel-macos-arm64 | 0.2.1 | 51.00 | NOTE | |||
r-oldrel-macos-x86_64 | 0.2.1 | 64.00 | NOTE | |||
r-oldrel-windows-x86_64 | 0.2.1 | 76.00 | 100.00 | 176.00 | OK |
Version: 0.2.1
Check: installed package size
Result: NOTE
installed size is 5.7Mb
sub-directories of 1Mb or more:
help 2.6Mb
libs 3.1Mb
Flavors: r-release-macos-arm64, r-release-macos-x86_64, r-oldrel-macos-arm64, r-oldrel-macos-x86_64
These binaries (installable software) and packages are in development.
They may not be fully stable and should be used with caution. We make no claims about them.