Last updated on 2025-02-19 16:50:44 CET.
Flavor | Version | Tinstall | Tcheck | Ttotal | Status | Flags |
---|---|---|---|---|---|---|
r-devel-linux-x86_64-debian-clang | 1.12-1 | 19.65 | 159.14 | 178.79 | OK | |
r-devel-linux-x86_64-debian-gcc | 1.12-1 | 12.23 | 113.55 | 125.78 | OK | |
r-devel-linux-x86_64-fedora-clang | 1.12-1 | 288.77 | OK | |||
r-devel-linux-x86_64-fedora-gcc | 1.12-1 | 278.91 | OK | |||
r-devel-macos-arm64 | 1.12-1 | 78.00 | OK | |||
r-devel-macos-x86_64 | 1.12-1 | 202.00 | OK | |||
r-devel-windows-x86_64 | 1.12-1 | 23.00 | 165.00 | 188.00 | OK | |
r-patched-linux-x86_64 | 1.12-1 | 20.73 | 147.65 | 168.38 | OK | |
r-release-linux-x86_64 | 1.12-1 | 18.80 | 145.05 | 163.85 | OK | |
r-release-macos-arm64 | 1.12-1 | 68.00 | OK | |||
r-release-macos-x86_64 | 1.12-1 | 148.00 | OK | |||
r-release-windows-x86_64 | 1.12-1 | 24.00 | 4.00 | 28.00 | FAIL | |
r-oldrel-macos-arm64 | 1.12-1 | 76.00 | OK | |||
r-oldrel-macos-x86_64 | 1.12-1 | 167.00 | OK | |||
r-oldrel-windows-x86_64 | 1.12-1 | 28.00 | 197.00 | 225.00 | OK |
Version: 1.12-1
Check: package dependencies
Result: FAIL
Flavor: r-release-windows-x86_64
These binaries (installable software) and packages are in development.
They may not be fully stable and should be used with caution. We make no claims about them.