Last updated on 2024-07-27 15:50:14 CEST.
Flavor | Version | Tinstall | Tcheck | Ttotal | Status | Flags |
---|---|---|---|---|---|---|
r-devel-linux-x86_64-debian-clang | 1.11-3 | 23.47 | 211.15 | 234.62 | OK | |
r-devel-linux-x86_64-debian-gcc | 1.11-3 | OK | ||||
r-devel-linux-x86_64-fedora-clang | 1.11-3 | 286.99 | NOTE | |||
r-devel-linux-x86_64-fedora-gcc | 1.11-3 | 283.35 | OK | |||
r-devel-windows-x86_64 | 1.11-3 | 22.00 | 165.00 | 187.00 | OK | |
r-patched-linux-x86_64 | 1.11-3 | OK | ||||
r-release-linux-x86_64 | 1.11-3 | 21.11 | 199.98 | 221.09 | OK | |
r-release-macos-arm64 | 1.11-3 | 45.00 | OK | |||
r-release-macos-x86_64 | 1.11-3 | 107.00 | OK | |||
r-release-windows-x86_64 | 1.11-3 | 21.00 | 164.00 | 185.00 | OK | |
r-oldrel-macos-arm64 | 1.11-3 | 60.00 | OK | |||
r-oldrel-macos-x86_64 | 1.11-3 | 101.00 | OK | |||
r-oldrel-windows-x86_64 | 1.11-3 | 28.00 | 203.00 | 231.00 | OK |
Version: 1.11-3
Check: Rd cross-references
Result: NOTE
Undeclared packages ‘dbscan’, ‘stops’ in Rd xrefs
Flavor: r-devel-linux-x86_64-fedora-clang
These binaries (installable software) and packages are in development.
They may not be fully stable and should be used with caution. We make no claims about them.