CRAN Package Check Results for Package copulareg

Last updated on 2025-11-11 15:50:30 CET.

Flavor Version Tinstall Tcheck Ttotal Status Flags
r-devel-linux-x86_64-debian-clang 0.1.0 1.99 22.18 24.17 OK
r-devel-linux-x86_64-debian-gcc 0.1.0 1.56 18.11 19.67 OK
r-devel-linux-x86_64-fedora-clang 0.1.0 36.06 OK
r-devel-linux-x86_64-fedora-gcc 0.1.0 33.57 OK
r-devel-windows-x86_64 0.1.0 4.00 42.00 46.00 OK
r-patched-linux-x86_64 0.1.0 2.32 21.18 23.50 OK
r-release-linux-x86_64 0.1.0 1.94 21.08 23.02 OK
r-release-macos-arm64 0.1.0 1.00 20.00 21.00 OK
r-release-macos-x86_64 0.1.0 2.00 27.00 29.00 OK
r-release-windows-x86_64 0.1.0 4.00 40.00 44.00 OK
r-oldrel-macos-arm64 0.1.0 1.00 15.00 16.00 NOTE
r-oldrel-macos-x86_64 0.1.0 2.00 20.00 22.00 NOTE
r-oldrel-windows-x86_64 0.1.0 4.00 45.00 49.00 NOTE

Check Details

Version: 0.1.0
Check: LazyData
Result: NOTE 'LazyData' is specified without a 'data' directory Flavors: r-oldrel-macos-arm64, r-oldrel-macos-x86_64, r-oldrel-windows-x86_64

These binaries (installable software) and packages are in development.
They may not be fully stable and should be used with caution. We make no claims about them.