Last updated on 2025-02-16 12:53:32 CET.
Flavor | Version | Tinstall | Tcheck | Ttotal | Status | Flags |
---|---|---|---|---|---|---|
r-devel-linux-x86_64-debian-clang | 1.0.7 | 10.91 | 87.83 | 98.74 | OK | |
r-devel-linux-x86_64-debian-gcc | 1.0.7 | 7.59 | 64.00 | 71.59 | OK | |
r-devel-linux-x86_64-fedora-clang | 1.0.7 | 161.33 | NOTE | |||
r-devel-linux-x86_64-fedora-gcc | 1.0.7 | 152.06 | NOTE | |||
r-devel-macos-arm64 | 1.0.7 | 44.00 | OK | |||
r-devel-macos-x86_64 | 1.0.7 | 111.00 | OK | |||
r-devel-windows-x86_64 | 1.0.7 | 12.00 | 95.00 | 107.00 | OK | |
r-patched-linux-x86_64 | 1.0.7 | 10.46 | 82.32 | 92.78 | OK | |
r-release-linux-x86_64 | 1.0.7 | 10.60 | 81.05 | 91.65 | OK | |
r-release-macos-arm64 | 1.0.7 | 45.00 | OK | |||
r-release-macos-x86_64 | 1.0.7 | 72.00 | OK | |||
r-release-windows-x86_64 | 1.0.7 | 13.00 | 95.00 | 108.00 | OK | |
r-oldrel-macos-arm64 | 1.0.7 | 52.00 | OK | |||
r-oldrel-macos-x86_64 | 1.0.7 | 65.00 | OK | |||
r-oldrel-windows-x86_64 | 1.0.7 | 14.00 | 113.00 | 127.00 | OK |
Version: 1.0.7
Check: dependencies in R code
Result: NOTE
Namespace in Imports field not imported from: ‘graphics’
All declared Imports should be used.
Flavors: r-devel-linux-x86_64-fedora-clang, r-devel-linux-x86_64-fedora-gcc
These binaries (installable software) and packages are in development.
They may not be fully stable and should be used with caution. We make no claims about them.