Last updated on 2025-02-19 06:50:42 CET.
Flavor | Version | Tinstall | Tcheck | Ttotal | Status | Flags |
---|---|---|---|---|---|---|
r-devel-linux-x86_64-debian-clang | 0.2.1 | 2.65 | 28.31 | 30.96 | OK | |
r-devel-linux-x86_64-debian-gcc | 0.2.1 | 1.54 | 22.27 | 23.81 | OK | |
r-devel-linux-x86_64-fedora-clang | 0.2.1 | 49.95 | OK | |||
r-devel-linux-x86_64-fedora-gcc | 0.2.1 | 47.55 | OK | |||
r-devel-macos-arm64 | 0.2.1 | 21.00 | OK | |||
r-devel-macos-x86_64 | 0.2.1 | 30.00 | OK | |||
r-devel-windows-x86_64 | 0.2.1 | 4.00 | 55.00 | 59.00 | OK | |
r-patched-linux-x86_64 | 0.2.1 | 2.42 | 26.99 | 29.41 | OK | |
r-release-linux-x86_64 | 0.2.1 | 2.61 | 27.10 | 29.71 | OK | |
r-release-macos-arm64 | 0.2.1 | 20.00 | OK | |||
r-release-macos-x86_64 | 0.2.1 | 33.00 | OK | |||
r-release-windows-x86_64 | 0.2.1 | 4.00 | 3.00 | 7.00 | FAIL | |
r-oldrel-macos-arm64 | 0.2.1 | 24.00 | OK | |||
r-oldrel-macos-x86_64 | 0.2.1 | 33.00 | OK | |||
r-oldrel-windows-x86_64 | 0.2.1 | 5.00 | 58.00 | 63.00 | OK |
Version: 0.2.1
Check: package dependencies
Result: FAIL
Flavor: r-release-windows-x86_64
These binaries (installable software) and packages are in development.
They may not be fully stable and should be used with caution. We make no claims about them.