Last updated on 2025-05-22 06:51:42 CEST.
Flavor | Version | Tinstall | Tcheck | Ttotal | Status | Flags |
---|---|---|---|---|---|---|
r-devel-linux-x86_64-debian-clang | 0.2.1 | 2.84 | 28.91 | 31.75 | NOTE | |
r-devel-linux-x86_64-debian-gcc | 0.2.1 | 1.97 | 22.85 | 24.82 | NOTE | |
r-devel-linux-x86_64-fedora-clang | 0.2.1 | 48.83 | OK | |||
r-devel-linux-x86_64-fedora-gcc | 0.2.1 | 46.98 | OK | |||
r-devel-windows-x86_64 | 0.2.1 | 5.00 | 69.00 | 74.00 | OK | |
r-patched-linux-x86_64 | 0.2.1 | 2.66 | 27.47 | 30.13 | OK | |
r-release-linux-x86_64 | 0.2.1 | 2.67 | 27.76 | 30.43 | OK | |
r-release-macos-arm64 | 0.2.1 | 24.00 | OK | |||
r-release-macos-x86_64 | 0.2.1 | 32.00 | OK | |||
r-release-windows-x86_64 | 0.2.1 | 4.00 | 80.00 | 84.00 | OK | |
r-oldrel-macos-arm64 | 0.2.1 | 20.00 | OK | |||
r-oldrel-macos-x86_64 | 0.2.1 | 33.00 | OK | |||
r-oldrel-windows-x86_64 | 0.2.1 | 5.00 | 54.00 | 59.00 | OK |
Version: 0.2.1
Check: CRAN incoming feasibility
Result: NOTE
Maintainer: ‘Andrei Boutyline <aboutyl@umich.edu>’
No Authors@R field in DESCRIPTION.
Please add one, modifying
Authors@R: person(given = "Andrei",
family = "Boutyline",
role = c("aut", "cre"),
email = "aboutyl@umich.edu")
as necessary.
Flavors: r-devel-linux-x86_64-debian-clang, r-devel-linux-x86_64-debian-gcc
These binaries (installable software) and packages are in development.
They may not be fully stable and should be used with caution. We make no claims about them.