Last updated on 2025-02-16 10:50:43 CET.
Flavor | Version | Tinstall | Tcheck | Ttotal | Status | Flags |
---|---|---|---|---|---|---|
r-devel-linux-x86_64-debian-clang | 0.1.1 | 25.22 | 21.61 | 46.83 | OK | |
r-devel-linux-x86_64-debian-gcc | 0.1.1 | 16.62 | 17.51 | 34.13 | OK | |
r-devel-linux-x86_64-fedora-clang | 0.1.1 | 94.11 | NOTE | |||
r-devel-linux-x86_64-fedora-gcc | 0.1.1 | 89.83 | NOTE | |||
r-devel-macos-arm64 | 0.1.1 | 26.00 | OK | |||
r-devel-macos-x86_64 | 0.1.1 | 33.00 | OK | |||
r-devel-windows-x86_64 | 0.1.1 | 28.00 | 68.00 | 96.00 | OK | |
r-patched-linux-x86_64 | 0.1.1 | 24.35 | 20.43 | 44.78 | OK | |
r-release-linux-x86_64 | 0.1.1 | 23.71 | 20.74 | 44.45 | OK | |
r-release-macos-arm64 | 0.1.1 | 26.00 | OK | |||
r-release-macos-x86_64 | 0.1.1 | 35.00 | OK | |||
r-release-windows-x86_64 | 0.1.1 | 29.00 | 62.00 | 91.00 | OK | |
r-oldrel-macos-arm64 | 0.1.1 | 28.00 | OK | |||
r-oldrel-macos-x86_64 | 0.1.1 | 44.00 | OK | |||
r-oldrel-windows-x86_64 | 0.1.1 | 35.00 | 81.00 | 116.00 | OK |
Version: 0.1.1
Check: compiled code
Result: NOTE
File ‘cord/libs/cord.so’:
Found no calls to: ‘R_registerRoutines’, ‘R_useDynamicSymbols’
It is good practice to register native routines and to disable symbol
search.
See ‘Writing portable packages’ in the ‘Writing R Extensions’ manual.
Flavors: r-devel-linux-x86_64-fedora-clang, r-devel-linux-x86_64-fedora-gcc
These binaries (installable software) and packages are in development.
They may not be fully stable and should be used with caution. We make no claims about them.