Last updated on 2025-07-02 01:51:34 CEST.
Flavor | Version | Tinstall | Tcheck | Ttotal | Status | Flags |
---|---|---|---|---|---|---|
r-devel-linux-x86_64-debian-clang | 1.3.3 | 26.51 | 282.96 | 309.47 | NOTE | |
r-devel-linux-x86_64-debian-gcc | 1.3.3 | 18.67 | 182.66 | 201.33 | NOTE | |
r-devel-linux-x86_64-fedora-clang | 1.3.3 | 476.08 | NOTE | |||
r-devel-linux-x86_64-fedora-gcc | 1.3.3 | 473.29 | NOTE | |||
r-devel-windows-x86_64 | 1.3.3 | 25.00 | 243.00 | 268.00 | NOTE | |
r-patched-linux-x86_64 | NOTE | |||||
r-release-linux-x86_64 | 1.3.3 | 26.08 | 271.07 | 297.15 | NOTE | |
r-release-macos-arm64 | 1.3.3 | 120.00 | NOTE | |||
r-release-macos-x86_64 | 1.3.3 | 250.00 | NOTE | |||
r-release-windows-x86_64 | 1.3.3 | 25.00 | 247.00 | 272.00 | NOTE | |
r-oldrel-macos-arm64 | 1.3.3 | 113.00 | NOTE | |||
r-oldrel-macos-x86_64 | 1.3.3 | 199.00 | NOTE | |||
r-oldrel-windows-x86_64 | 1.3.3 | 36.00 | 318.00 | 354.00 | NOTE |
Version: 1.3.3
Check: Rd files
Result: NOTE
checkRd: (-1) getSurface.Rd:22: Lost braces
22 | value \code{getSurface} shortens the output of \code{conv} to remove artificial surface layers. The output is thus a subset of the input, and identical in structure to the /code{conv} output.
| ^
Flavors: r-devel-linux-x86_64-debian-clang, r-devel-linux-x86_64-debian-gcc, r-devel-linux-x86_64-fedora-clang, r-devel-linux-x86_64-fedora-gcc, r-devel-windows-x86_64, r-patched-linux-x86_64, r-release-linux-x86_64, r-release-macos-arm64, r-release-macos-x86_64, r-release-windows-x86_64, r-oldrel-macos-arm64, r-oldrel-macos-x86_64, r-oldrel-windows-x86_64
These binaries (installable software) and packages are in development.
They may not be fully stable and should be used with caution. We make no claims about them.