Last updated on 2025-10-23 11:50:10 CEST.
Flavor | Version | Tinstall | Tcheck | Ttotal | Status | Flags |
---|---|---|---|---|---|---|
r-devel-linux-x86_64-debian-clang | 1.3.3 | 27.82 | 284.98 | 312.80 | NOTE | |
r-devel-linux-x86_64-debian-gcc | 1.3.3 | 18.37 | 188.67 | 207.04 | NOTE | |
r-devel-linux-x86_64-fedora-clang | 1.3.3 | 37.00 | 326.74 | 363.74 | NOTE | |
r-devel-linux-x86_64-fedora-gcc | 1.3.3 | 64.00 | 423.48 | 487.48 | NOTE | |
r-devel-windows-x86_64 | 1.3.3 | 27.00 | 238.00 | 265.00 | NOTE | |
r-patched-linux-x86_64 | 1.3.3 | 24.88 | 274.86 | 299.74 | NOTE | |
r-release-linux-x86_64 | 1.3.3 | 26.34 | 269.89 | 296.23 | NOTE | |
r-release-macos-arm64 | 1.3.3 | 12.00 | 108.00 | 120.00 | NOTE | |
r-release-macos-x86_64 | 1.3.3 | 23.00 | 227.00 | 250.00 | NOTE | |
r-release-windows-x86_64 | 1.3.3 | 26.00 | 243.00 | 269.00 | NOTE | |
r-oldrel-macos-arm64 | 1.3.3 | 11.00 | 102.00 | 113.00 | NOTE | |
r-oldrel-macos-x86_64 | 1.3.3 | 18.00 | 181.00 | 199.00 | NOTE | |
r-oldrel-windows-x86_64 | 1.3.3 | 36.00 | 326.00 | 362.00 | NOTE |
Version: 1.3.3
Check: Rd files
Result: NOTE
checkRd: (-1) getSurface.Rd:22: Lost braces
22 | value \code{getSurface} shortens the output of \code{conv} to remove artificial surface layers. The output is thus a subset of the input, and identical in structure to the /code{conv} output.
| ^
Flavors: r-devel-linux-x86_64-debian-clang, r-devel-linux-x86_64-debian-gcc, r-devel-linux-x86_64-fedora-clang, r-devel-linux-x86_64-fedora-gcc, r-devel-windows-x86_64, r-patched-linux-x86_64, r-release-linux-x86_64, r-release-macos-arm64, r-release-macos-x86_64, r-release-windows-x86_64, r-oldrel-macos-arm64, r-oldrel-macos-x86_64, r-oldrel-windows-x86_64
These binaries (installable software) and packages are in development.
They may not be fully stable and should be used with caution. We make no claims about them.