CRAN Package Check Results for Package coreCollection

Last updated on 2025-05-08 04:52:01 CEST.

Flavor Version Tinstall Tcheck Ttotal Status Flags
r-devel-linux-x86_64-debian-clang 0.9.5 36.78 26.10 62.88 NOTE
r-devel-linux-x86_64-debian-gcc 0.9.5 26.89 21.72 48.61 NOTE
r-devel-linux-x86_64-fedora-clang 0.9.5 121.94 OK
r-devel-linux-x86_64-fedora-gcc 0.9.5 127.31 OK
r-devel-windows-x86_64 0.9.5 43.00 62.00 105.00 NOTE
r-patched-linux-x86_64 0.9.5 39.48 24.26 63.74 NOTE
r-release-linux-x86_64 0.9.5 37.98 24.29 62.27 NOTE
r-release-macos-arm64 0.9.5 32.00 OK
r-release-macos-x86_64 0.9.5 44.00 OK
r-release-windows-x86_64 0.9.5 45.00 64.00 109.00 NOTE
r-oldrel-macos-arm64 0.9.5 32.00 OK
r-oldrel-macos-x86_64 0.9.5 39.00 OK
r-oldrel-windows-x86_64 0.9.5 40.00 73.00 113.00 OK

Check Details

Version: 0.9.5
Check: Rd cross-references
Result: NOTE Found the following Rd file(s) with Rd \link{} targets missing package anchors: CoreCollection.Rd: R6Class dot-CoreCollectionClass.Rd: R6Class Please provide package anchors for all Rd \link{} targets not in the package itself and the base packages. Flavors: r-devel-linux-x86_64-debian-clang, r-devel-linux-x86_64-debian-gcc, r-devel-windows-x86_64, r-patched-linux-x86_64, r-release-linux-x86_64, r-release-windows-x86_64

These binaries (installable software) and packages are in development.
They may not be fully stable and should be used with caution. We make no claims about them.