Last updated on 2025-11-16 05:48:31 CET.
| Flavor | Version | Tinstall | Tcheck | Ttotal | Status | Flags |
|---|---|---|---|---|---|---|
| r-devel-linux-x86_64-debian-clang | 0.0.5 | 27.49 | 26.48 | 53.97 | OK | |
| r-devel-linux-x86_64-debian-gcc | 0.0.5 | 18.89 | 21.88 | 40.77 | OK | |
| r-devel-linux-x86_64-fedora-clang | 0.0.5 | 57.00 | 39.30 | 96.30 | OK | |
| r-devel-linux-x86_64-fedora-gcc | 0.0.5 | 66.00 | 17.10 | 83.10 | OK | |
| r-devel-windows-x86_64 | 0.0.5 | 55.00 | 64.00 | 119.00 | OK | |
| r-patched-linux-x86_64 | 0.0.5 | 25.31 | 24.38 | 49.69 | OK | |
| r-release-linux-x86_64 | 0.0.5 | 25.72 | 24.27 | 49.99 | OK | |
| r-release-macos-arm64 | 0.0.5 | 19.00 | 18.00 | 37.00 | OK | |
| r-release-macos-x86_64 | 0.0.5 | 31.00 | 26.00 | 57.00 | OK | |
| r-release-windows-x86_64 | 0.0.5 | 49.00 | 142.00 | 191.00 | OK | |
| r-oldrel-macos-arm64 | 0.0.5 | 18.00 | 21.00 | 39.00 | NOTE | |
| r-oldrel-macos-x86_64 | 0.0.5 | 36.00 | 37.00 | 73.00 | NOTE | |
| r-oldrel-windows-x86_64 | 0.0.5 | 45.00 | 73.00 | 118.00 | OK |
Version: 0.0.5
Check: installed package size
Result: NOTE
installed size is 5.6Mb
sub-directories of 1Mb or more:
libs 2.8Mb
sample_data 2.6Mb
Flavors: r-oldrel-macos-arm64, r-oldrel-macos-x86_64
These binaries (installable software) and packages are in development.
They may not be fully stable and should be used with caution. We make no claims about them.