CRAN Package Check Results for Package corels

Last updated on 2025-10-26 23:50:10 CET.

Flavor Version Tinstall Tcheck Ttotal Status Flags
r-devel-linux-x86_64-debian-clang 0.0.5 27.39 26.59 53.98 OK
r-devel-linux-x86_64-debian-gcc 0.0.5 18.20 21.56 39.76 OK
r-devel-linux-x86_64-fedora-clang 0.0.5 50.00 29.78 79.78 OK
r-devel-linux-x86_64-fedora-gcc 0.0.5 66.00 19.31 85.31 OK
r-devel-windows-x86_64 0.0.5 48.00 61.00 109.00 OK
r-patched-linux-x86_64 0.0.5 24.93 24.12 49.05 OK
r-release-linux-x86_64 0.0.5 25.82 24.04 49.86 OK
r-release-macos-arm64 0.0.5 19.00 18.00 37.00 OK
r-release-macos-x86_64 0.0.5 31.00 26.00 57.00 OK
r-release-windows-x86_64 0.0.5 49.00 64.00 113.00 OK
r-oldrel-macos-arm64 0.0.5 18.00 21.00 39.00 NOTE
r-oldrel-macos-x86_64 0.0.5 36.00 37.00 73.00 NOTE
r-oldrel-windows-x86_64 0.0.5 47.00 73.00 120.00 OK

Check Details

Version: 0.0.5
Check: installed package size
Result: NOTE installed size is 5.6Mb sub-directories of 1Mb or more: libs 2.8Mb sample_data 2.6Mb Flavors: r-oldrel-macos-arm64, r-oldrel-macos-x86_64

These binaries (installable software) and packages are in development.
They may not be fully stable and should be used with caution. We make no claims about them.