CRAN Package Check Results for Package corlink

Last updated on 2025-10-10 05:49:57 CEST.

Flavor Version Tinstall Tcheck Ttotal Status Flags
r-devel-linux-x86_64-debian-clang 1.0.0 1.93 24.49 26.42 NOTE
r-devel-linux-x86_64-debian-gcc 1.0.0 1.61 18.26 19.87 NOTE
r-devel-linux-x86_64-fedora-clang 1.0.0 32.98 OK
r-devel-linux-x86_64-fedora-gcc 1.0.0 36.87 OK
r-devel-windows-x86_64 1.0.0 3.00 41.00 44.00 OK
r-patched-linux-x86_64 1.0.0 2.15 22.65 24.80 OK
r-release-linux-x86_64 1.0.0 2.30 22.58 24.88 OK
r-release-macos-arm64 1.0.0 17.00 OK
r-release-macos-x86_64 1.0.0 32.00 OK
r-release-windows-x86_64 1.0.0 3.00 43.00 46.00 OK
r-oldrel-macos-arm64 1.0.0 22.00 NOTE
r-oldrel-macos-x86_64 1.0.0 29.00 NOTE
r-oldrel-windows-x86_64 1.0.0 3.00 39.00 42.00 NOTE

Check Details

Version: 1.0.0
Check: CRAN incoming feasibility
Result: NOTE Maintainer: ‘John Ferguson <john.ferguson@nuigalway.ie>’ Found the following \keyword or \concept entries which likely give several index terms: File ‘linkd.Rd’: \keyword{Feligi/Sunter,} \keyword{algorithm,} \keyword{class,} \keyword{linkage,} Flavors: r-devel-linux-x86_64-debian-clang, r-devel-linux-x86_64-debian-gcc

Version: 1.0.0
Check: LazyData
Result: NOTE 'LazyData' is specified without a 'data' directory Flavors: r-oldrel-macos-arm64, r-oldrel-macos-x86_64, r-oldrel-windows-x86_64

These binaries (installable software) and packages are in development.
They may not be fully stable and should be used with caution. We make no claims about them.