Last updated on 2025-02-16 10:50:43 CET.
Flavor | Version | Tinstall | Tcheck | Ttotal | Status | Flags |
---|---|---|---|---|---|---|
r-devel-linux-x86_64-debian-clang | 0.4.1 | 6.39 | 443.63 | 450.02 | NOTE | |
r-devel-linux-x86_64-debian-gcc | 0.4.1 | 5.09 | 300.78 | 305.87 | NOTE | |
r-devel-linux-x86_64-fedora-clang | 0.4.1 | 798.42 | OK | |||
r-devel-linux-x86_64-fedora-gcc | 0.4.1 | 791.24 | OK | |||
r-devel-macos-arm64 | 0.4.1 | 79.00 | OK | |||
r-devel-macos-x86_64 | 0.4.1 | 202.00 | OK | |||
r-devel-windows-x86_64 | 0.4.1 | 9.00 | 413.00 | 422.00 | NOTE | |
r-patched-linux-x86_64 | 0.4.1 | 12.14 | 419.49 | 431.63 | OK | |
r-release-linux-x86_64 | 0.4.1 | 6.59 | 419.58 | 426.17 | OK | |
r-release-macos-arm64 | 0.4.1 | 184.00 | OK | |||
r-release-macos-x86_64 | 0.4.1 | 321.00 | OK | |||
r-release-windows-x86_64 | 0.4.1 | 10.00 | 411.00 | 421.00 | OK | |
r-oldrel-macos-arm64 | 0.4.1 | 80.00 | NOTE | |||
r-oldrel-macos-x86_64 | 0.4.1 | 186.00 | NOTE | |||
r-oldrel-windows-x86_64 | 0.4.1 | 13.00 | 512.00 | 525.00 | OK |
Version: 0.4.1
Check: Rd cross-references
Result: NOTE
Found the following Rd file(s) with Rd \link{} targets missing package
anchors:
bbdml.Rd: trust
Please provide package anchors for all Rd \link{} targets not in the
package itself and the base packages.
Flavors: r-devel-linux-x86_64-debian-clang, r-devel-linux-x86_64-debian-gcc, r-devel-windows-x86_64
Version: 0.4.1
Check: package dependencies
Result: NOTE
Package suggested but not available for checking: ‘phyloseq’
Flavors: r-oldrel-macos-arm64, r-oldrel-macos-x86_64
These binaries (installable software) and packages are in development.
They may not be fully stable and should be used with caution. We make no claims about them.