Last updated on 2025-10-23 15:49:50 CEST.
Flavor | Version | Tinstall | Tcheck | Ttotal | Status | Flags |
---|---|---|---|---|---|---|
r-devel-linux-x86_64-debian-clang | 1.1.0 | 3.56 | 60.03 | 63.59 | NOTE | |
r-devel-linux-x86_64-debian-gcc | 1.1.0 | 2.54 | 43.77 | 46.31 | OK | |
r-devel-linux-x86_64-fedora-clang | 1.1.0 | 16.00 | 87.37 | 103.37 | OK | |
r-devel-linux-x86_64-fedora-gcc | 1.1.0 | 28.00 | 91.81 | 119.81 | OK | |
r-devel-windows-x86_64 | 1.1.0 | 6.00 | 78.00 | 84.00 | OK | |
r-patched-linux-x86_64 | 1.1.0 | 3.53 | 56.01 | 59.54 | OK | |
r-release-linux-x86_64 | 1.1.0 | 3.12 | 55.85 | 58.97 | OK | |
r-release-macos-arm64 | 1.1.0 | 2.00 | 34.00 | 36.00 | OK | |
r-release-macos-x86_64 | 1.1.0 | 3.00 | 64.00 | 67.00 | OK | |
r-release-windows-x86_64 | 1.1.0 | 5.00 | 78.00 | 83.00 | OK | |
r-oldrel-macos-arm64 | 1.1.0 | 2.00 | 36.00 | 38.00 | OK | |
r-oldrel-macos-x86_64 | 1.1.0 | 3.00 | 105.00 | 108.00 | OK | |
r-oldrel-windows-x86_64 | 1.1.0 | 8.00 | 92.00 | 100.00 | OK |
Version: 1.1.0
Check: HTML version of manual
Result: NOTE
Found the following HTML validation problems:
async_ops.html:66:1 (async_ops.Rd:21): Warning: missing </ul> before </div>
coro_debug.html:59:1 (coro_debug.Rd:12): Warning: missing </ul> before </div>
Flavor: r-devel-linux-x86_64-debian-clang
These binaries (installable software) and packages are in development.
They may not be fully stable and should be used with caution. We make no claims about them.