Last updated on 2025-02-16 10:50:43 CET.
Flavor | Version | Tinstall | Tcheck | Ttotal | Status | Flags |
---|---|---|---|---|---|---|
r-devel-linux-x86_64-debian-clang | 1.0.2 | 2.07 | 24.44 | 26.51 | OK | |
r-devel-linux-x86_64-debian-gcc | 1.0.2 | 1.66 | 18.74 | 20.40 | OK | |
r-devel-linux-x86_64-fedora-clang | 1.0.2 | 44.30 | OK | |||
r-devel-linux-x86_64-fedora-gcc | 1.0.2 | 41.12 | OK | |||
r-devel-macos-arm64 | 1.0.2 | 17.00 | OK | |||
r-devel-macos-x86_64 | 1.0.2 | 31.00 | OK | |||
r-devel-windows-x86_64 | 1.0.2 | 2.00 | 45.00 | 47.00 | OK | |
r-patched-linux-x86_64 | 1.0.2 | 2.06 | 22.86 | 24.92 | NOTE | |
r-release-linux-x86_64 | 1.0.2 | 1.83 | 23.53 | 25.36 | NOTE | |
r-release-macos-arm64 | 1.0.2 | 23.00 | NOTE | |||
r-release-macos-x86_64 | 1.0.2 | 34.00 | NOTE | |||
r-release-windows-x86_64 | 1.0.2 | 3.00 | 54.00 | 57.00 | NOTE | |
r-oldrel-macos-arm64 | 1.0.2 | 17.00 | NOTE | |||
r-oldrel-macos-x86_64 | 1.0.2 | 24.00 | NOTE | |||
r-oldrel-windows-x86_64 | 1.0.2 | 3.00 | 63.00 | 66.00 | NOTE |
Version: 1.0.2
Check: LazyData
Result: NOTE
'LazyData' is specified without a 'data' directory
Flavors: r-patched-linux-x86_64, r-release-linux-x86_64, r-release-macos-arm64, r-release-macos-x86_64, r-release-windows-x86_64, r-oldrel-macos-arm64, r-oldrel-macos-x86_64, r-oldrel-windows-x86_64
These binaries (installable software) and packages are in development.
They may not be fully stable and should be used with caution. We make no claims about them.