Last updated on 2025-02-16 10:50:43 CET.
Flavor | Version | Tinstall | Tcheck | Ttotal | Status | Flags |
---|---|---|---|---|---|---|
r-devel-linux-x86_64-debian-clang | 0.4.1 | 12.57 | 43.25 | 55.82 | NOTE | |
r-devel-linux-x86_64-debian-gcc | 0.4.1 | 8.78 | 31.78 | 40.56 | NOTE | |
r-devel-linux-x86_64-fedora-clang | 0.4.1 | 93.59 | NOTE | |||
r-devel-linux-x86_64-fedora-gcc | 0.4.1 | 107.55 | NOTE | |||
r-devel-macos-arm64 | 0.4.1 | 41.00 | OK | |||
r-devel-macos-x86_64 | 0.4.1 | 79.00 | NOTE | |||
r-devel-windows-x86_64 | 0.4.1 | 16.00 | 62.00 | 78.00 | NOTE | |
r-patched-linux-x86_64 | 0.4.1 | 13.59 | 42.42 | 56.01 | OK | |
r-release-linux-x86_64 | 0.4.1 | 14.25 | 42.29 | 56.54 | OK | |
r-release-macos-arm64 | 0.4.1 | 38.00 | OK | |||
r-release-macos-x86_64 | 0.4.1 | 60.00 | OK | |||
r-release-windows-x86_64 | 0.4.1 | 16.00 | 65.00 | 81.00 | OK | |
r-oldrel-macos-arm64 | 0.4.1 | 44.00 | OK | |||
r-oldrel-macos-x86_64 | 0.4.1 | 66.00 | OK | |||
r-oldrel-windows-x86_64 | 0.4.1 | 20.00 | 68.00 | 88.00 | OK |
Version: 0.4.1
Check: DESCRIPTION meta-information
Result: NOTE
Missing dependency on R >= 4.1.0 because package code uses the pipe
|> or function shorthand \(...) syntax added in R 4.1.0.
File(s) using such syntax:
‘refresh_coronvirus.R’
Flavors: r-devel-linux-x86_64-debian-clang, r-devel-linux-x86_64-debian-gcc, r-devel-linux-x86_64-fedora-clang, r-devel-linux-x86_64-fedora-gcc, r-devel-macos-x86_64, r-devel-windows-x86_64
Version: 0.4.1
Check: dependencies in R code
Result: NOTE
Namespace in Imports field not imported from: ‘devtools’
All declared Imports should be used.
Flavors: r-devel-linux-x86_64-fedora-clang, r-devel-linux-x86_64-fedora-gcc
These binaries (installable software) and packages are in development.
They may not be fully stable and should be used with caution. We make no claims about them.