CRAN Package Check Results for Package corporaexplorer

Last updated on 2025-02-16 10:50:43 CET.

Flavor Version Tinstall Tcheck Ttotal Status Flags
r-devel-linux-x86_64-debian-clang 0.9.0 3.43 37.61 41.04 OK
r-devel-linux-x86_64-debian-gcc 0.9.0 2.61 27.12 29.73 OK
r-devel-linux-x86_64-fedora-clang 0.9.0 64.55 NOTE
r-devel-linux-x86_64-fedora-gcc 0.9.0 60.51 NOTE
r-devel-macos-arm64 0.9.0 24.00 OK
r-devel-macos-x86_64 0.9.0 39.00 OK
r-devel-windows-x86_64 0.9.0 8.00 66.00 74.00 OK
r-patched-linux-x86_64 0.9.0 3.88 33.43 37.31 OK
r-release-linux-x86_64 0.9.0 3.38 33.31 36.69 OK
r-release-macos-arm64 0.9.0 24.00 OK
r-release-macos-x86_64 0.9.0 42.00 OK
r-release-windows-x86_64 0.9.0 7.00 58.00 65.00 OK
r-oldrel-macos-arm64 0.9.0 41.00 OK
r-oldrel-macos-x86_64 0.9.0 42.00 OK
r-oldrel-windows-x86_64 0.9.0 7.00 81.00 88.00 OK

Check Details

Version: 0.9.0
Check: dependencies in R code
Result: NOTE Namespaces in Imports field not imported from: ‘RColorBrewer’ ‘ggplot2’ ‘re2’ ‘rmarkdown’ ‘shinyWidgets’ ‘shinydashboard’ ‘shinyjs’ All declared Imports should be used. Flavors: r-devel-linux-x86_64-fedora-clang, r-devel-linux-x86_64-fedora-gcc

These binaries (installable software) and packages are in development.
They may not be fully stable and should be used with caution. We make no claims about them.