CRAN Package Check Results for Package corporaexplorer

Last updated on 2025-05-25 21:48:32 CEST.

Flavor Version Tinstall Tcheck Ttotal Status Flags
r-devel-linux-x86_64-debian-clang 0.9.0 3.49 40.10 43.59 OK
r-devel-linux-x86_64-debian-gcc 0.9.0 2.67 29.54 32.21 OK
r-devel-linux-x86_64-fedora-clang 0.9.0 62.65 NOTE
r-devel-linux-x86_64-fedora-gcc 0.9.0 59.89 NOTE
r-devel-windows-x86_64 0.9.0 10.00 59.00 69.00 OK
r-patched-linux-x86_64 0.9.0 3.55 34.64 38.19 OK
r-release-linux-x86_64 0.9.0 3.53 34.11 37.64 OK
r-release-macos-arm64 0.9.0 23.00 OK
r-release-macos-x86_64 0.9.0 39.00 OK
r-release-windows-x86_64 0.9.0 7.00 63.00 70.00 OK
r-oldrel-macos-arm64 0.9.0 24.00 OK
r-oldrel-macos-x86_64 0.9.0 42.00 OK
r-oldrel-windows-x86_64 0.9.0 8.00 67.00 75.00 OK

Check Details

Version: 0.9.0
Check: dependencies in R code
Result: NOTE Namespaces in Imports field not imported from: ‘RColorBrewer’ ‘ggplot2’ ‘re2’ ‘rmarkdown’ ‘shinyWidgets’ ‘shinydashboard’ ‘shinyjs’ All declared Imports should be used. Flavors: r-devel-linux-x86_64-fedora-clang, r-devel-linux-x86_64-fedora-gcc

These binaries (installable software) and packages are in development.
They may not be fully stable and should be used with caution. We make no claims about them.