Last updated on 2025-02-16 10:50:43 CET.
Flavor | Version | Tinstall | Tcheck | Ttotal | Status | Flags |
---|---|---|---|---|---|---|
r-devel-linux-x86_64-debian-clang | 0.5.1 | 57.16 | 142.99 | 200.15 | NOTE | |
r-devel-linux-x86_64-debian-gcc | 0.5.1 | 43.04 | 99.56 | 142.60 | NOTE | |
r-devel-linux-x86_64-fedora-clang | 0.5.1 | 346.31 | OK | |||
r-devel-linux-x86_64-fedora-gcc | 0.5.1 | 344.47 | OK | |||
r-devel-macos-arm64 | 0.5.1 | 94.00 | OK | |||
r-devel-macos-x86_64 | 0.5.1 | 151.00 | OK | |||
r-devel-windows-x86_64 | 0.5.1 | 66.00 | 175.00 | 241.00 | NOTE | |
r-patched-linux-x86_64 | 0.5.1 | 64.99 | 125.05 | 190.04 | OK | |
r-release-linux-x86_64 | 0.5.1 | 59.68 | 125.60 | 185.28 | OK | |
r-release-macos-arm64 | 0.5.1 | 87.00 | OK | |||
r-release-macos-x86_64 | 0.5.1 | 118.00 | OK | |||
r-release-windows-x86_64 | 0.5.1 | 66.00 | 173.00 | 239.00 | OK | |
r-oldrel-macos-arm64 | 0.5.1 | 83.00 | OK | |||
r-oldrel-macos-x86_64 | 0.5.1 | 211.00 | OK | |||
r-oldrel-windows-x86_64 | 0.5.1 | 80.00 | 233.00 | 313.00 | OK |
Version: 0.5.1
Check: Rd cross-references
Result: NOTE
Found the following Rd file(s) with Rd \link{} targets missing package
anchors:
tCorpus-cash-annotate_rsyntax.Rd: tquery
tCorpus-cash-subset.Rd: subset.data.table
Please provide package anchors for all Rd \link{} targets not in the
package itself and the base packages.
Flavors: r-devel-linux-x86_64-debian-clang, r-devel-linux-x86_64-debian-gcc, r-devel-windows-x86_64
These binaries (installable software) and packages are in development.
They may not be fully stable and should be used with caution. We make no claims about them.