CRAN Package Check Results for Package corrDNA

Last updated on 2025-05-07 15:49:13 CEST.

Flavor Version Tinstall Tcheck Ttotal Status Flags
r-devel-linux-x86_64-debian-clang 1.0.1 2.60 33.65 36.25 NOTE
r-devel-linux-x86_64-debian-gcc 1.0.1 1.85 23.89 25.74 NOTE
r-devel-linux-x86_64-fedora-clang 1.0.1 58.79 OK
r-devel-linux-x86_64-fedora-gcc 1.0.1 56.53 OK
r-devel-windows-x86_64 1.0.1 4.00 53.00 57.00 OK
r-patched-linux-x86_64 1.0.1 2.22 33.14 35.36 OK
r-release-linux-x86_64 1.0.1 2.26 32.30 34.56 OK
r-release-macos-arm64 1.0.1 21.00 OK
r-release-macos-x86_64 1.0.1 41.00 OK
r-release-windows-x86_64 1.0.1 4.00 53.00 57.00 OK
r-oldrel-macos-arm64 1.0.1 25.00 OK
r-oldrel-macos-x86_64 1.0.1 44.00 OK
r-oldrel-windows-x86_64 1.0.1 3.00 60.00 63.00 OK

Check Details

Version: 1.0.1
Check: CRAN incoming feasibility
Result: NOTE Maintainer: ‘Prabina Kumar Meher <meherprabin@yahoo.com>’ No Authors@R field in DESCRIPTION. Please add one, modifying Authors@R: c(person(given = c("Prabina", "Kumar", "Meher", "&", "A.", "R."), family = "Rao", role = "aut"), person(given = c("Prabina", "Kumar"), family = "Meher", role = "cre", email = "meherprabin@yahoo.com")) as necessary. Flavors: r-devel-linux-x86_64-debian-clang, r-devel-linux-x86_64-debian-gcc

These binaries (installable software) and packages are in development.
They may not be fully stable and should be used with caution. We make no claims about them.