Last updated on 2025-10-09 21:50:13 CEST.
Flavor | Version | Tinstall | Tcheck | Ttotal | Status | Flags |
---|---|---|---|---|---|---|
r-devel-linux-x86_64-debian-clang | 1.0.1 | 2.59 | 35.45 | 38.04 | NOTE | |
r-devel-linux-x86_64-debian-gcc | 1.0.1 | 1.96 | 25.47 | 27.43 | NOTE | |
r-devel-linux-x86_64-fedora-clang | 1.0.1 | 42.30 | OK | |||
r-devel-linux-x86_64-fedora-gcc | 1.0.1 | 55.50 | OK | |||
r-devel-windows-x86_64 | 1.0.1 | 4.00 | 52.00 | 56.00 | OK | |
r-patched-linux-x86_64 | 1.0.1 | 2.88 | 33.80 | 36.68 | OK | |
r-release-linux-x86_64 | 1.0.1 | 2.45 | 33.83 | 36.28 | OK | |
r-release-macos-arm64 | 1.0.1 | 21.00 | OK | |||
r-release-macos-x86_64 | 1.0.1 | 41.00 | OK | |||
r-release-windows-x86_64 | 1.0.1 | 3.00 | 52.00 | 55.00 | OK | |
r-oldrel-macos-arm64 | 1.0.1 | 25.00 | OK | |||
r-oldrel-macos-x86_64 | 1.0.1 | 44.00 | OK | |||
r-oldrel-windows-x86_64 | 1.0.1 | 3.00 | 58.00 | 61.00 | OK |
Version: 1.0.1
Check: CRAN incoming feasibility
Result: NOTE
Maintainer: ‘Prabina Kumar Meher <meherprabin@yahoo.com>’
No Authors@R field in DESCRIPTION.
Please add one, modifying
Authors@R: c(person(given = c("Prabina", "Kumar", "Meher", "&", "A.", "R."),
family = "Rao",
role = "aut"),
person(given = c("Prabina", "Kumar"),
family = "Meher",
role = "cre",
email = "meherprabin@yahoo.com"))
as necessary.
Flavors: r-devel-linux-x86_64-debian-clang, r-devel-linux-x86_64-debian-gcc
These binaries (installable software) and packages are in development.
They may not be fully stable and should be used with caution. We make no claims about them.