Last updated on 2025-02-16 10:50:43 CET.
Flavor | Version | Tinstall | Tcheck | Ttotal | Status | Flags |
---|---|---|---|---|---|---|
r-devel-linux-x86_64-debian-clang | 0.1.0 | 11.29 | 128.72 | 140.01 | NOTE | |
r-devel-linux-x86_64-debian-gcc | 0.1.0 | 6.79 | 86.55 | 93.34 | NOTE | |
r-devel-linux-x86_64-fedora-clang | 0.1.0 | 222.40 | NOTE | |||
r-devel-linux-x86_64-fedora-gcc | 0.1.0 | 221.24 | NOTE | |||
r-devel-macos-arm64 | 0.1.0 | 69.00 | OK | |||
r-devel-macos-x86_64 | 0.1.0 | 135.00 | NOTE | |||
r-devel-windows-x86_64 | 0.1.0 | 12.00 | 127.00 | 139.00 | NOTE | |
r-patched-linux-x86_64 | 0.1.0 | 10.05 | 116.71 | 126.76 | OK | |
r-release-linux-x86_64 | 0.1.0 | 9.38 | 115.61 | 124.99 | OK | |
r-release-macos-arm64 | 0.1.0 | 64.00 | NOTE | |||
r-release-macos-x86_64 | 0.1.0 | 102.00 | NOTE | |||
r-release-windows-x86_64 | 0.1.0 | 12.00 | 129.00 | 141.00 | NOTE | |
r-oldrel-macos-arm64 | 0.1.0 | 56.00 | NOTE | |||
r-oldrel-macos-x86_64 | 0.1.0 | 143.00 | NOTE | |||
r-oldrel-windows-x86_64 | 0.1.0 | 15.00 | 151.00 | 166.00 | NOTE |
Version: 0.1.0
Check: DESCRIPTION meta-information
Result: NOTE
Missing dependency on R >= 4.1.0 because package code uses the pipe
|> or function shorthand \(...) syntax added in R 4.1.0.
File(s) using such syntax:
‘corrBarplot.R’ ‘corrNetwork.R’
Flavors: r-devel-linux-x86_64-debian-clang, r-devel-linux-x86_64-debian-gcc, r-devel-linux-x86_64-fedora-clang, r-devel-linux-x86_64-fedora-gcc, r-devel-macos-x86_64, r-devel-windows-x86_64
Version: 0.1.0
Check: installed package size
Result: NOTE
installed size is 7.2Mb
sub-directories of 1Mb or more:
doc 6.7Mb
Flavors: r-release-macos-arm64, r-release-macos-x86_64, r-release-windows-x86_64, r-oldrel-macos-arm64, r-oldrel-macos-x86_64, r-oldrel-windows-x86_64
These binaries (installable software) and packages are in development.
They may not be fully stable and should be used with caution. We make no claims about them.