CRAN Package Check Results for Package corrarray

Last updated on 2025-02-16 10:50:43 CET.

Flavor Version Tinstall Tcheck Ttotal Status Flags
r-devel-linux-x86_64-debian-clang 1.2.0 5.76 42.55 48.31 NOTE
r-devel-linux-x86_64-debian-gcc 1.2.0 4.12 31.32 35.44 NOTE
r-devel-linux-x86_64-fedora-clang 1.2.0 76.74 OK
r-devel-linux-x86_64-fedora-gcc 1.2.0 74.64 OK
r-devel-macos-arm64 1.2.0 28.00 OK
r-devel-macos-x86_64 1.2.0 43.00 OK
r-devel-windows-x86_64 1.2.0 8.00 60.00 68.00 NOTE
r-patched-linux-x86_64 1.2.0 12.75 39.46 52.21 NOTE
r-release-linux-x86_64 1.2.0 5.11 39.25 44.36 NOTE
r-release-macos-arm64 1.2.0 26.00 NOTE
r-release-macos-x86_64 1.2.0 43.00 NOTE
r-release-windows-x86_64 1.2.0 7.00 59.00 66.00 NOTE
r-oldrel-macos-arm64 1.2.0 26.00 NOTE
r-oldrel-macos-x86_64 1.2.0 42.00 NOTE
r-oldrel-windows-x86_64 1.2.0 9.00 64.00 73.00 NOTE

Check Details

Version: 1.2.0
Check: Rd cross-references
Result: NOTE Found the following Rd file(s) with Rd \link{} targets missing package anchors: corrarray.Rd: rcorr Please provide package anchors for all Rd \link{} targets not in the package itself and the base packages. Flavors: r-devel-linux-x86_64-debian-clang, r-devel-linux-x86_64-debian-gcc, r-devel-windows-x86_64

Version: 1.2.0
Check: LazyData
Result: NOTE 'LazyData' is specified without a 'data' directory Flavors: r-patched-linux-x86_64, r-release-linux-x86_64, r-release-macos-arm64, r-release-macos-x86_64, r-release-windows-x86_64, r-oldrel-macos-arm64, r-oldrel-macos-x86_64, r-oldrel-windows-x86_64

These binaries (installable software) and packages are in development.
They may not be fully stable and should be used with caution. We make no claims about them.