CRAN Package Check Results for Package correlationfunnel

Last updated on 2025-04-16 00:49:37 CEST.

Flavor Version Tinstall Tcheck Ttotal Status Flags
r-devel-linux-x86_64-debian-clang 0.2.0 14.71 173.15 187.86 OK
r-devel-linux-x86_64-debian-gcc 0.2.0 9.42 123.30 132.72 OK
r-devel-linux-x86_64-fedora-clang 0.2.0 285.21 NOTE
r-devel-linux-x86_64-fedora-gcc 0.2.0 301.68 NOTE
r-devel-windows-x86_64 0.2.0 16.00 175.00 191.00 OK
r-patched-linux-x86_64 0.2.0 13.22 166.41 179.63 OK
r-release-linux-x86_64 0.2.0 14.57 167.37 181.94 OK
r-release-macos-arm64 0.2.0 80.00 OK
r-release-macos-x86_64 0.2.0 208.00 OK
r-release-windows-x86_64 0.2.0 17.00 175.00 192.00 OK
r-oldrel-macos-arm64 0.2.0 88.00 OK
r-oldrel-macos-x86_64 0.2.0 172.00 OK
r-oldrel-windows-x86_64 0.2.0 21.00 227.00 248.00 OK

Check Details

Version: 0.2.0
Check: dependencies in R code
Result: NOTE Namespace in Imports field not imported from: ‘utils’ All declared Imports should be used. Flavors: r-devel-linux-x86_64-fedora-clang, r-devel-linux-x86_64-fedora-gcc

These binaries (installable software) and packages are in development.
They may not be fully stable and should be used with caution. We make no claims about them.