CRAN Package Check Results for Package correlationfunnel

Last updated on 2025-07-02 01:51:34 CEST.

Flavor Version Tinstall Tcheck Ttotal Status Flags
r-devel-linux-x86_64-debian-clang 0.2.0 15.29 183.46 198.75 OK
r-devel-linux-x86_64-debian-gcc 0.2.0 10.31 128.34 138.65 OK
r-devel-linux-x86_64-fedora-clang 0.2.0 284.60 NOTE
r-devel-linux-x86_64-fedora-gcc 0.2.0 287.56 NOTE
r-devel-windows-x86_64 0.2.0 18.00 184.00 202.00 OK
r-patched-linux-x86_64 OK
r-release-linux-x86_64 0.2.0 12.58 172.66 185.24 OK
r-release-macos-arm64 0.2.0 80.00 OK
r-release-macos-x86_64 0.2.0 208.00 OK
r-release-windows-x86_64 0.2.0 16.00 181.00 197.00 OK
r-oldrel-macos-arm64 0.2.0 88.00 OK
r-oldrel-macos-x86_64 0.2.0 172.00 OK
r-oldrel-windows-x86_64 0.2.0 21.00 229.00 250.00 OK

Check Details

Version: 0.2.0
Check: dependencies in R code
Result: NOTE Namespace in Imports field not imported from: ‘utils’ All declared Imports should be used. Flavors: r-devel-linux-x86_64-fedora-clang, r-devel-linux-x86_64-fedora-gcc

These binaries (installable software) and packages are in development.
They may not be fully stable and should be used with caution. We make no claims about them.