Last updated on 2025-11-11 15:50:30 CET.
| Flavor | Version | Tinstall | Tcheck | Ttotal | Status | Flags |
|---|---|---|---|---|---|---|
| r-devel-linux-x86_64-debian-clang | 0.0.1 | 3.46 | 36.11 | 39.57 | NOTE | |
| r-devel-linux-x86_64-debian-gcc | 0.0.1 | 2.54 | 26.99 | 29.53 | NOTE | |
| r-devel-linux-x86_64-fedora-clang | 0.0.1 | 16.00 | 49.02 | 65.02 | OK | |
| r-devel-linux-x86_64-fedora-gcc | 0.0.1 | 54.35 | OK | |||
| r-devel-windows-x86_64 | 0.0.1 | 5.00 | 56.00 | 61.00 | OK | |
| r-patched-linux-x86_64 | 0.0.1 | 3.84 | 34.70 | 38.54 | OK | |
| r-release-linux-x86_64 | 0.0.1 | 3.12 | 34.80 | 37.92 | OK | |
| r-release-macos-arm64 | 0.0.1 | 2.00 | 21.00 | 23.00 | OK | |
| r-release-macos-x86_64 | 0.0.1 | 3.00 | 33.00 | 36.00 | OK | |
| r-release-windows-x86_64 | 0.0.1 | 4.00 | 54.00 | 58.00 | OK | |
| r-oldrel-macos-arm64 | 0.0.1 | 2.00 | 19.00 | 21.00 | NOTE | |
| r-oldrel-macos-x86_64 | 0.0.1 | 4.00 | 28.00 | 32.00 | NOTE | |
| r-oldrel-windows-x86_64 | 0.0.1 | 6.00 | 57.00 | 63.00 | NOTE |
Version: 0.0.1
Check: CRAN incoming feasibility
Result: NOTE
Maintainer: ‘Gary Witt <gary.witt@temple.edu>’
No Authors@R field in DESCRIPTION.
Please add one, modifying
Authors@R: c(person(given = "Chris",
family = "Rohlfs",
role = "aut"),
person(given = "Gary",
family = "Witt",
role = c("aut", "cre"),
email = "gary.witt@temple.edu"))
as necessary.
Flavors: r-devel-linux-x86_64-debian-clang, r-devel-linux-x86_64-debian-gcc
Version: 0.0.1
Check: LazyData
Result: NOTE
'LazyData' is specified without a 'data' directory
Flavors: r-oldrel-macos-arm64, r-oldrel-macos-x86_64, r-oldrel-windows-x86_64
These binaries (installable software) and packages are in development.
They may not be fully stable and should be used with caution. We make no claims about them.