Last updated on 2024-07-27 15:50:14 CEST.
Flavor | Version | Tinstall | Tcheck | Ttotal | Status | Flags |
---|---|---|---|---|---|---|
r-devel-linux-x86_64-debian-clang | 0.7.4 | 8.69 | 184.23 | 192.92 | OK | |
r-devel-linux-x86_64-debian-gcc | 0.7.4 | OK | ||||
r-devel-linux-x86_64-fedora-clang | 0.7.4 | 232.62 | NOTE | |||
r-devel-linux-x86_64-fedora-gcc | 0.7.4 | 230.44 | OK | |||
r-devel-windows-x86_64 | 0.7.4 | 10.00 | 158.00 | 168.00 | NOTE | |
r-patched-linux-x86_64 | 0.7.4 | OK | ||||
r-release-linux-x86_64 | 0.7.4 | 8.89 | 167.32 | 176.21 | OK | |
r-release-macos-arm64 | 0.7.4 | 67.00 | NOTE | |||
r-release-macos-x86_64 | 0.7.4 | 116.00 | NOTE | |||
r-release-windows-x86_64 | 0.7.4 | 8.00 | 156.00 | 164.00 | NOTE | |
r-oldrel-macos-arm64 | 0.7.4 | 72.00 | NOTE | |||
r-oldrel-macos-x86_64 | 0.7.4 | 145.00 | NOTE | |||
r-oldrel-windows-x86_64 | 0.7.4 | 7.00 | 173.00 | 180.00 | NOTE |
Version: 0.7.4
Check: installed package size
Result: NOTE
installed size is 18.1Mb
sub-directories of 1Mb or more:
extdata 17.8Mb
Flavors: r-devel-linux-x86_64-fedora-clang, r-devel-windows-x86_64, r-release-macos-arm64, r-release-macos-x86_64, r-release-windows-x86_64, r-oldrel-macos-arm64, r-oldrel-macos-x86_64, r-oldrel-windows-x86_64
These binaries (installable software) and packages are in development.
They may not be fully stable and should be used with caution. We make no claims about them.