Last updated on 2025-02-16 10:50:43 CET.
Flavor | Version | Tinstall | Tcheck | Ttotal | Status | Flags |
---|---|---|---|---|---|---|
r-devel-linux-x86_64-debian-clang | 0.7.4 | 7.46 | 139.48 | 146.94 | OK | |
r-devel-linux-x86_64-debian-gcc | 0.7.4 | 4.72 | 87.11 | 91.83 | OK | |
r-devel-linux-x86_64-fedora-clang | 0.7.4 | 232.52 | OK | |||
r-devel-linux-x86_64-fedora-gcc | 0.7.4 | 238.18 | OK | |||
r-devel-macos-arm64 | 0.7.4 | 68.00 | OK | |||
r-devel-macos-x86_64 | 0.7.4 | 162.00 | OK | |||
r-devel-windows-x86_64 | 0.7.4 | 9.00 | 150.00 | 159.00 | OK | |
r-patched-linux-x86_64 | 0.7.4 | 6.99 | 127.80 | 134.79 | OK | |
r-release-linux-x86_64 | 0.7.4 | 7.67 | 129.69 | 137.36 | OK | |
r-release-macos-arm64 | 0.7.4 | 84.00 | NOTE | |||
r-release-macos-x86_64 | 0.7.4 | 116.00 | NOTE | |||
r-release-windows-x86_64 | 0.7.4 | 9.00 | 156.00 | 165.00 | NOTE | |
r-oldrel-macos-arm64 | 0.7.4 | 72.00 | NOTE | |||
r-oldrel-macos-x86_64 | 0.7.4 | 145.00 | NOTE | |||
r-oldrel-windows-x86_64 | 0.7.4 | 10.00 | 169.00 | 179.00 | NOTE |
Version: 0.7.4
Check: installed package size
Result: NOTE
installed size is 18.0Mb
sub-directories of 1Mb or more:
extdata 17.7Mb
Flavors: r-release-macos-arm64, r-release-macos-x86_64, r-release-windows-x86_64, r-oldrel-macos-arm64, r-oldrel-macos-x86_64, r-oldrel-windows-x86_64
These binaries (installable software) and packages are in development.
They may not be fully stable and should be used with caution. We make no claims about them.