Last updated on 2025-11-15 17:48:45 CET.
| Flavor | Version | Tinstall | Tcheck | Ttotal | Status | Flags |
|---|---|---|---|---|---|---|
| r-devel-linux-x86_64-debian-clang | 0.7.4 | 6.97 | 142.31 | 149.28 | OK | |
| r-devel-linux-x86_64-debian-gcc | 0.7.4 | 4.83 | 88.84 | 93.67 | OK | |
| r-devel-linux-x86_64-fedora-clang | 0.7.4 | 15.00 | 205.02 | 220.02 | OK | |
| r-devel-linux-x86_64-fedora-gcc | 0.7.4 | 14.00 | 209.29 | 223.29 | OK | |
| r-devel-windows-x86_64 | 0.7.4 | 12.00 | 155.00 | 167.00 | OK | |
| r-patched-linux-x86_64 | 0.7.4 | 6.88 | 128.82 | 135.70 | OK | |
| r-release-linux-x86_64 | 0.7.4 | 5.45 | 128.61 | 134.06 | OK | |
| r-release-macos-arm64 | 0.7.4 | 3.00 | 68.00 | 71.00 | OK | |
| r-release-macos-x86_64 | 0.7.4 | 7.00 | 152.00 | 159.00 | OK | |
| r-release-windows-x86_64 | 0.7.4 | 8.00 | 146.00 | 154.00 | OK | |
| r-oldrel-macos-arm64 | 0.7.4 | 3.00 | 81.00 | 84.00 | NOTE | |
| r-oldrel-macos-x86_64 | 0.7.4 | 4.00 | 112.00 | 116.00 | NOTE | |
| r-oldrel-windows-x86_64 | 0.7.4 | 9.00 | 193.00 | 202.00 | NOTE |
Version: 0.7.4
Check: installed package size
Result: NOTE
installed size is 18.0Mb
sub-directories of 1Mb or more:
extdata 17.7Mb
Flavors: r-oldrel-macos-arm64, r-oldrel-macos-x86_64, r-oldrel-windows-x86_64
These binaries (installable software) and packages are in development.
They may not be fully stable and should be used with caution. We make no claims about them.