Last updated on 2025-05-01 15:49:28 CEST.
Flavor | Version | Tinstall | Tcheck | Ttotal | Status | Flags |
---|---|---|---|---|---|---|
r-devel-linux-x86_64-debian-clang | 1.0.0 | 4.34 | 43.23 | 47.57 | NOTE | |
r-devel-linux-x86_64-debian-gcc | 1.0.0 | 2.63 | 31.31 | 33.94 | NOTE | |
r-devel-linux-x86_64-fedora-clang | 1.0.0 | 78.94 | OK | |||
r-devel-linux-x86_64-fedora-gcc | 1.0.0 | 82.02 | OK | |||
r-devel-windows-x86_64 | 1.0.0 | 6.00 | 63.00 | 69.00 | NOTE | |
r-patched-linux-x86_64 | 1.0.0 | 4.36 | 39.66 | 44.02 | NOTE | |
r-release-linux-x86_64 | NOTE | |||||
r-release-macos-arm64 | 1.0.0 | 28.00 | OK | |||
r-release-macos-x86_64 | 1.0.0 | 58.00 | OK | |||
r-release-windows-x86_64 | 1.0.0 | 6.00 | 67.00 | 73.00 | NOTE | |
r-oldrel-macos-arm64 | 1.0.0 | 33.00 | OK | |||
r-oldrel-macos-x86_64 | 1.0.0 | 62.00 | OK | |||
r-oldrel-windows-x86_64 | 1.0.0 | 10.00 | 70.00 | 80.00 | OK |
Version: 1.0.0
Check: Rd cross-references
Result: NOTE
Found the following Rd file(s) with Rd \link{} targets missing package
anchors:
polycorr.Rd: polychor
tetracorr.Rd: polychor
Please provide package anchors for all Rd \link{} targets not in the
package itself and the base packages.
Flavors: r-devel-linux-x86_64-debian-clang, r-devel-linux-x86_64-debian-gcc, r-devel-windows-x86_64, r-patched-linux-x86_64, r-release-linux-x86_64, r-release-windows-x86_64
These binaries (installable software) and packages are in development.
They may not be fully stable and should be used with caution. We make no claims about them.