Last updated on 2025-05-01 12:49:25 CEST.
Flavor | Version | Tinstall | Tcheck | Ttotal | Status | Flags |
---|---|---|---|---|---|---|
r-devel-linux-x86_64-debian-clang | 0.95 | 2.76 | 71.51 | 74.27 | NOTE | |
r-devel-linux-x86_64-debian-gcc | 0.95 | 2.40 | 58.27 | 60.67 | NOTE | |
r-devel-linux-x86_64-fedora-clang | 0.95 | 98.66 | NOTE | |||
r-devel-linux-x86_64-fedora-gcc | 0.95 | 111.35 | NOTE | |||
r-devel-windows-x86_64 | 0.95 | 5.00 | 70.00 | 75.00 | NOTE | |
r-patched-linux-x86_64 | 0.95 | 3.39 | 69.73 | 73.12 | NOTE | |
r-release-linux-x86_64 | NOTE | |||||
r-release-macos-arm64 | 0.95 | 40.00 | NOTE | |||
r-release-macos-x86_64 | 0.95 | 61.00 | NOTE | |||
r-release-windows-x86_64 | 0.95 | 5.00 | 74.00 | 79.00 | NOTE | |
r-oldrel-macos-arm64 | 0.95 | 56.00 | OK | |||
r-oldrel-macos-x86_64 | 0.95 | 97.00 | OK | |||
r-oldrel-windows-x86_64 | 0.95 | 5.00 | 80.00 | 85.00 | OK |
Version: 0.95
Check: DESCRIPTION meta-information
Result: NOTE
Missing dependency on R >= 4.1.0 because package code uses the pipe
|> or function shorthand \(...) syntax added in R 4.1.0.
File(s) using such syntax:
‘corrRect.hclust.Rd’
Flavors: r-devel-linux-x86_64-debian-clang, r-devel-linux-x86_64-debian-gcc, r-devel-linux-x86_64-fedora-clang, r-devel-linux-x86_64-fedora-gcc, r-devel-windows-x86_64, r-patched-linux-x86_64, r-release-linux-x86_64, r-release-macos-arm64, r-release-macos-x86_64, r-release-windows-x86_64
Version: 0.95
Check: examples
Result: NOTE
Examples with CPU (user + system) or elapsed time > 5s
user system elapsed
corrplot 1.833 0.023 6.178
Flavor: r-devel-linux-x86_64-debian-clang
These binaries (installable software) and packages are in development.
They may not be fully stable and should be used with caution. We make no claims about them.