Last updated on 2025-02-19 16:50:44 CET.
Flavor | Version | Tinstall | Tcheck | Ttotal | Status | Flags |
---|---|---|---|---|---|---|
r-devel-linux-x86_64-debian-clang | 0.1-5 | 1.80 | 25.02 | 26.82 | OK | |
r-devel-linux-x86_64-debian-gcc | 0.1-5 | 1.42 | 18.98 | 20.40 | OK | |
r-devel-linux-x86_64-fedora-clang | 0.1-5 | 43.70 | OK | |||
r-devel-linux-x86_64-fedora-gcc | 0.1-5 | 68.71 | OK | |||
r-devel-macos-arm64 | 0.1-5 | 30.00 | OK | |||
r-devel-macos-x86_64 | 0.1-5 | 58.00 | OK | |||
r-devel-windows-x86_64 | 0.1-5 | 3.00 | 47.00 | 50.00 | OK | |
r-patched-linux-x86_64 | 0.1-5 | 1.66 | 23.80 | 25.46 | OK | |
r-release-linux-x86_64 | 0.1-5 | 1.76 | 23.65 | 25.41 | OK | |
r-release-macos-arm64 | 0.1-5 | 33.00 | OK | |||
r-release-macos-x86_64 | 0.1-5 | 41.00 | OK | |||
r-release-windows-x86_64 | 0.1-5 | 2.00 | 3.00 | 5.00 | FAIL | |
r-oldrel-macos-arm64 | 0.1-5 | 28.00 | OK | |||
r-oldrel-macos-x86_64 | 0.1-5 | 54.00 | OK | |||
r-oldrel-windows-x86_64 | 0.1-5 | 3.00 | 48.00 | 51.00 | OK |
Version: 0.1-5
Check: package dependencies
Result: FAIL
Flavor: r-release-windows-x86_64
These binaries (installable software) and packages are in development.
They may not be fully stable and should be used with caution. We make no claims about them.