CRAN Package Check Results for Package corset

Last updated on 2025-10-23 21:51:23 CEST.

Flavor Version Tinstall Tcheck Ttotal Status Flags
r-devel-linux-x86_64-debian-clang 0.1-5 1.83 28.41 30.24 NOTE
r-devel-linux-x86_64-debian-gcc 0.1-5 1.50 22.29 23.79 NOTE
r-devel-linux-x86_64-fedora-clang 0.1-5 36.94 OK
r-devel-linux-x86_64-fedora-gcc 0.1-5 65.87 OK
r-devel-windows-x86_64 0.1-5 3.00 45.00 48.00 OK
r-patched-linux-x86_64 0.1-5 1.66 26.40 28.06 OK
r-release-linux-x86_64 0.1-5 1.86 26.58 28.44 OK
r-release-macos-arm64 0.1-5 1.00 29.00 30.00 OK
r-release-macos-x86_64 0.1-5 2.00 65.00 67.00 OK
r-release-windows-x86_64 0.1-5 3.00 48.00 51.00 OK
r-oldrel-macos-arm64 0.1-5 1.00 32.00 33.00 OK
r-oldrel-macos-x86_64 0.1-5 2.00 39.00 41.00 OK
r-oldrel-windows-x86_64 0.1-5 4.00 55.00 59.00 OK

Check Details

Version: 0.1-5
Check: CRAN incoming feasibility
Result: NOTE Maintainer: ‘Fran Urbano <viraltux@gmail.com>’ No Authors@R field in DESCRIPTION. Please add one, modifying Authors@R: person(given = "Fran", family = "Urbano", role = c("aut", "cre"), email = "viraltux@gmail.com") as necessary. Flavors: r-devel-linux-x86_64-debian-clang, r-devel-linux-x86_64-debian-gcc

These binaries (installable software) and packages are in development.
They may not be fully stable and should be used with caution. We make no claims about them.