CRAN Package Check Results for Package corto

Last updated on 2025-10-03 07:49:36 CEST.

Flavor Version Tinstall Tcheck Ttotal Status Flags
r-devel-linux-x86_64-debian-clang 1.2.4 5.68 55.13 60.81 OK
r-devel-linux-x86_64-debian-gcc 1.2.4 3.73 38.90 42.63 OK
r-devel-linux-x86_64-fedora-clang 1.2.4 88.33 NOTE
r-devel-linux-x86_64-fedora-gcc 1.2.4 98.08 NOTE
r-devel-windows-x86_64 1.2.4 9.00 78.00 87.00 OK
r-patched-linux-x86_64 1.2.4 5.95 51.41 57.36 OK
r-release-linux-x86_64 1.2.4 5.15 50.60 55.75 OK
r-release-macos-arm64 1.2.4 49.00 OK
r-release-macos-x86_64 1.2.4 74.00 OK
r-release-windows-x86_64 1.2.4 8.00 77.00 85.00 OK
r-oldrel-macos-arm64 1.2.4 37.00 OK
r-oldrel-macos-x86_64 1.2.4 62.00 OK
r-oldrel-windows-x86_64 1.2.4 10.00 88.00 98.00 OK

Check Details

Version: 1.2.4
Check: dependencies in R code
Result: NOTE Namespaces in Imports field not imported from: ‘knitr’ ‘rmarkdown’ All declared Imports should be used. Flavors: r-devel-linux-x86_64-fedora-clang, r-devel-linux-x86_64-fedora-gcc

These binaries (installable software) and packages are in development.
They may not be fully stable and should be used with caution. We make no claims about them.