Last updated on 2024-07-27 15:50:14 CEST.
Flavor | Version | Tinstall | Tcheck | Ttotal | Status | Flags |
---|---|---|---|---|---|---|
r-devel-linux-x86_64-debian-clang | 1.2.4 | 6.31 | 69.10 | 75.41 | OK | |
r-devel-linux-x86_64-debian-gcc | 1.2.4 | OK | ||||
r-devel-linux-x86_64-fedora-clang | 1.2.4 | 93.69 | NOTE | |||
r-devel-linux-x86_64-fedora-gcc | 1.2.4 | 100.20 | NOTE | |||
r-devel-windows-x86_64 | 1.2.4 | 9.00 | 77.00 | 86.00 | OK | |
r-patched-linux-x86_64 | 1.2.4 | OK | ||||
r-release-linux-x86_64 | 1.2.4 | 7.05 | 64.43 | 71.48 | OK | |
r-release-macos-arm64 | 1.2.4 | 37.00 | OK | |||
r-release-macos-x86_64 | 1.2.4 | 62.00 | OK | |||
r-release-windows-x86_64 | 1.2.4 | 8.00 | 75.00 | 83.00 | OK | |
r-oldrel-macos-arm64 | 1.2.4 | 41.00 | OK | |||
r-oldrel-macos-x86_64 | 1.2.4 | 66.00 | OK | |||
r-oldrel-windows-x86_64 | 1.2.4 | 11.00 | 84.00 | 95.00 | OK |
Version: 1.2.4
Check: dependencies in R code
Result: NOTE
Namespaces in Imports field not imported from:
‘knitr’ ‘rmarkdown’
All declared Imports should be used.
Flavors: r-devel-linux-x86_64-fedora-clang, r-devel-linux-x86_64-fedora-gcc
These binaries (installable software) and packages are in development.
They may not be fully stable and should be used with caution. We make no claims about them.