Last updated on 2025-11-11 15:50:30 CET.
| Flavor | Version | Tinstall | Tcheck | Ttotal | Status | Flags |
|---|---|---|---|---|---|---|
| r-devel-linux-x86_64-debian-clang | 1.2.4 | 5.81 | 53.51 | 59.32 | OK | |
| r-devel-linux-x86_64-debian-gcc | 1.2.4 | 3.91 | 39.17 | 43.08 | OK | |
| r-devel-linux-x86_64-fedora-clang | 1.2.4 | 13.00 | 75.93 | 88.93 | NOTE | |
| r-devel-linux-x86_64-fedora-gcc | 1.2.4 | 12.00 | 86.02 | 98.02 | NOTE | |
| r-devel-windows-x86_64 | 1.2.4 | 9.00 | 76.00 | 85.00 | OK | |
| r-patched-linux-x86_64 | 1.2.4 | 5.59 | 50.56 | 56.15 | OK | |
| r-release-linux-x86_64 | 1.2.4 | 6.00 | 50.31 | 56.31 | OK | |
| r-release-macos-arm64 | 1.2.4 | 4.00 | 45.00 | 49.00 | OK | |
| r-release-macos-x86_64 | 1.2.4 | 6.00 | 68.00 | 74.00 | OK | |
| r-release-windows-x86_64 | 1.2.4 | 9.00 | 73.00 | 82.00 | OK | |
| r-oldrel-macos-arm64 | 1.2.4 | 2.00 | 35.00 | 37.00 | OK | |
| r-oldrel-macos-x86_64 | 1.2.4 | 4.00 | 58.00 | 62.00 | OK | |
| r-oldrel-windows-x86_64 | 1.2.4 | 9.00 | 87.00 | 96.00 | OK |
Version: 1.2.4
Check: dependencies in R code
Result: NOTE
Namespaces in Imports field not imported from:
‘knitr’ ‘rmarkdown’
All declared Imports should be used.
Flavors: r-devel-linux-x86_64-fedora-clang, r-devel-linux-x86_64-fedora-gcc
These binaries (installable software) and packages are in development.
They may not be fully stable and should be used with caution. We make no claims about them.