CRAN Package Check Results for Package cosinor

Last updated on 2025-10-23 21:51:23 CEST.

Flavor Version Tinstall Tcheck Ttotal Status Flags
r-devel-linux-x86_64-debian-clang 1.2.3 6.78 61.71 68.49 NOTE
r-devel-linux-x86_64-debian-gcc 1.2.3 4.49 46.43 50.92 NOTE
r-devel-linux-x86_64-fedora-clang 1.2.3 77.02 OK
r-devel-linux-x86_64-fedora-gcc 1.2.3 13.00 103.90 116.90 OK
r-devel-windows-x86_64 1.2.3 9.00 74.00 83.00 OK
r-patched-linux-x86_64 1.2.3 6.47 57.92 64.39 OK
r-release-linux-x86_64 1.2.3 5.80 58.43 64.23 OK
r-release-macos-arm64 1.2.3 4.00 56.00 60.00 OK
r-release-macos-x86_64 1.2.3 6.00 62.00 68.00 OK
r-release-windows-x86_64 1.2.3 8.00 74.00 82.00 OK
r-oldrel-macos-arm64 1.2.3 3.00 39.00 42.00 OK
r-oldrel-macos-x86_64 1.2.3 4.00 47.00 51.00 OK
r-oldrel-windows-x86_64 1.2.3 12.00 106.00 118.00 OK

Check Details

Version: 1.2.3
Check: CRAN incoming feasibility
Result: NOTE Maintainer: ‘Michael Sachs <sachsmc@gmail.com>’ No Authors@R field in DESCRIPTION. Please add one, modifying Authors@R: person(given = "Michael", family = "Sachs", role = c("aut", "cre"), email = "sachsmc@gmail.com") as necessary. Flavors: r-devel-linux-x86_64-debian-clang, r-devel-linux-x86_64-debian-gcc

Version: 1.2.3
Check: HTML version of manual
Result: NOTE Found the following HTML validation problems: get_varnames.html:46:1 (get_varnames.Rd:10): Warning: missing </ul> before </div> print.cosinor.lm.html:51:1 (print.cosinor.lm.Rd:12): Warning: missing </ul> before </div> print.test.html:47:1 (print.test.Rd:10): Warning: missing </ul> before </div> print.test_cosinor.html:51:1 (print.test_cosinor.Rd:12): Warning: missing </ul> before </div> simulate_cosinor.html:61:1 (simulate_cosinor.Rd:16): Warning: missing </ul> before </div> update_covnames.html:46:1 (update_covnames.Rd:10): Warning: missing </ul> before </div> Flavor: r-devel-linux-x86_64-debian-clang

These binaries (installable software) and packages are in development.
They may not be fully stable and should be used with caution. We make no claims about them.