CRAN Package Check Results for Package cosinor2

Last updated on 2025-05-08 04:52:01 CEST.

Flavor Version Tinstall Tcheck Ttotal Status Flags
r-devel-linux-x86_64-debian-clang 0.2.1 7.85 88.85 96.70 NOTE
r-devel-linux-x86_64-debian-gcc 0.2.1 6.39 63.18 69.57 NOTE
r-devel-linux-x86_64-fedora-clang 0.2.1 142.31 OK
r-devel-linux-x86_64-fedora-gcc 0.2.1 166.26 OK
r-devel-windows-x86_64 0.2.1 12.00 97.00 109.00 OK
r-patched-linux-x86_64 0.2.1 7.81 83.38 91.19 OK
r-release-linux-x86_64 0.2.1 8.53 85.03 93.56 OK
r-release-macos-arm64 0.2.1 45.00 OK
r-release-macos-x86_64 0.2.1 89.00 OK
r-release-windows-x86_64 0.2.1 11.00 99.00 110.00 OK
r-oldrel-macos-arm64 0.2.1 47.00 OK
r-oldrel-macos-x86_64 0.2.1 83.00 OK
r-oldrel-windows-x86_64 0.2.1 13.00 120.00 133.00 OK

Check Details

Version: 0.2.1
Check: CRAN incoming feasibility
Result: NOTE Maintainer: ‘Augustin Mutak <mutak94@gmail.com>’ No Authors@R field in DESCRIPTION. Please add one, modifying Authors@R: person(given = "Augustin", family = "Mutak", role = c("aut", "cre"), email = "mutak94@gmail.com") as necessary. Flavors: r-devel-linux-x86_64-debian-clang, r-devel-linux-x86_64-debian-gcc

These binaries (installable software) and packages are in development.
They may not be fully stable and should be used with caution. We make no claims about them.