CRAN Package Check Results for Package costsensitive

Last updated on 2025-05-08 04:52:01 CEST.

Flavor Version Tinstall Tcheck Ttotal Status Flags
r-devel-linux-x86_64-debian-clang 0.1.2.10 3.26 19.65 22.91 NOTE
r-devel-linux-x86_64-debian-gcc 0.1.2.10 2.39 15.80 18.19 NOTE
r-devel-linux-x86_64-fedora-clang 0.1.2.10 35.90 OK
r-devel-linux-x86_64-fedora-gcc 0.1.2.10 34.31 OK
r-devel-windows-x86_64 0.1.2.10 6.00 45.00 51.00 OK
r-patched-linux-x86_64 0.1.2.10 3.05 18.85 21.90 OK
r-release-linux-x86_64 0.1.2.10 2.56 18.78 21.34 OK
r-release-macos-arm64 0.1.2.10 17.00 OK
r-release-macos-x86_64 0.1.2.10 26.00 OK
r-release-windows-x86_64 0.1.2.10 5.00 49.00 54.00 OK
r-oldrel-macos-arm64 0.1.2.10 13.00 OK
r-oldrel-macos-x86_64 0.1.2.10 23.00 OK
r-oldrel-windows-x86_64 0.1.2.10 6.00 45.00 51.00 OK

Check Details

Version: 0.1.2.10
Check: CRAN incoming feasibility
Result: NOTE Maintainer: ‘David Cortes <david.cortes.rivera@gmail.com>’ No Authors@R field in DESCRIPTION. Please add one, modifying Authors@R: person(given = "David", family = "Cortes", role = c("aut", "cre"), email = "david.cortes.rivera@gmail.com") as necessary. Flavors: r-devel-linux-x86_64-debian-clang, r-devel-linux-x86_64-debian-gcc

These binaries (installable software) and packages are in development.
They may not be fully stable and should be used with caution. We make no claims about them.