Last updated on 2025-07-26 01:50:47 CEST.
Flavor | Version | Tinstall | Tcheck | Ttotal | Status | Flags |
---|---|---|---|---|---|---|
r-devel-linux-x86_64-debian-clang | 1.0.2 | 2.26 | 21.83 | 24.09 | NOTE | |
r-devel-linux-x86_64-debian-gcc | 1.0.2 | 1.71 | 17.36 | 19.07 | NOTE | |
r-devel-linux-x86_64-fedora-clang | 1.0.2 | 35.47 | OK | |||
r-devel-linux-x86_64-fedora-gcc | 1.0.2 | 33.69 | OK | |||
r-devel-windows-x86_64 | 1.0.2 | 3.00 | 56.00 | 59.00 | OK | |
r-patched-linux-x86_64 | 1.0.2 | 2.27 | 20.50 | 22.77 | OK | |
r-release-linux-x86_64 | 1.0.2 | 2.02 | 21.05 | 23.07 | OK | |
r-release-macos-arm64 | 1.0.2 | 20.00 | OK | |||
r-release-macos-x86_64 | 1.0.2 | 25.00 | OK | |||
r-release-windows-x86_64 | 1.0.2 | 3.00 | 58.00 | 61.00 | OK | |
r-oldrel-macos-arm64 | 1.0.2 | 17.00 | OK | |||
r-oldrel-macos-x86_64 | 1.0.2 | 22.00 | OK | |||
r-oldrel-windows-x86_64 | 1.0.2 | 5.00 | 47.00 | 52.00 | OK |
Version: 1.0.2
Check: CRAN incoming feasibility
Result: NOTE
Maintainer: ‘A. Christian Silva <a.christian.silva@gmail.com>’
No Authors@R field in DESCRIPTION.
Please add one, modifying
Authors@R: person(given = c("A.", "Christian"),
family = "Silva",
role = c("aut", "cre"),
email = "a.christian.silva@gmail.com")
as necessary.
Flavors: r-devel-linux-x86_64-debian-clang, r-devel-linux-x86_64-debian-gcc
These binaries (installable software) and packages are in development.
They may not be fully stable and should be used with caution. We make no claims about them.