Last updated on 2025-05-01 14:49:07 CEST.
Flavor | Version | Tinstall | Tcheck | Ttotal | Status | Flags |
---|---|---|---|---|---|---|
r-devel-linux-x86_64-debian-clang | 0.1.6 | 19.91 | 99.88 | 119.79 | NOTE | |
r-devel-linux-x86_64-debian-gcc | 0.1.6 | 13.77 | 69.95 | 83.72 | OK | |
r-devel-linux-x86_64-fedora-clang | 0.1.6 | 202.13 | OK | |||
r-devel-linux-x86_64-fedora-gcc | 0.1.6 | 207.09 | OK | |||
r-devel-windows-x86_64 | 0.1.6 | 21.00 | 112.00 | 133.00 | OK | |
r-patched-linux-x86_64 | 0.1.6 | 22.35 | 91.64 | 113.99 | OK | |
r-release-linux-x86_64 | OK | |||||
r-release-macos-arm64 | 0.1.6 | 51.00 | OK | |||
r-release-macos-x86_64 | 0.1.6 | 147.00 | OK | |||
r-release-windows-x86_64 | 0.1.6 | 25.00 | 108.00 | 133.00 | OK | |
r-oldrel-macos-arm64 | 0.1.6 | 55.00 | OK | |||
r-oldrel-macos-x86_64 | 0.1.6 | 99.00 | OK | |||
r-oldrel-windows-x86_64 | 0.1.6 | 28.00 | 146.00 | 174.00 | OK |
Version: 0.1.6
Check: examples
Result: NOTE
Examples with CPU (user + system) or elapsed time > 5s
user system elapsed
RandomSearchClassif 10.166 0.456 13.056
RandomSearchRegr 10.136 0.213 12.475
Flavor: r-devel-linux-x86_64-debian-clang
Version: 0.1.6
Check: examples
Result: NA
user system elapsed
RandomSearchRegr 6.115 0.169 7.782
RandomSearchClassif 5.906 0.311 8.286
OK
Flavor: r-devel-linux-x86_64-debian-gcc
These binaries (installable software) and packages are in development.
They may not be fully stable and should be used with caution. We make no claims about them.