Last updated on 2025-07-02 01:51:34 CEST.
Flavor | Version | Tinstall | Tcheck | Ttotal | Status | Flags |
---|---|---|---|---|---|---|
r-devel-linux-x86_64-debian-clang | 1.4 | 6.15 | 82.01 | 88.16 | NOTE | |
r-devel-linux-x86_64-debian-gcc | 1.4 | 4.76 | 55.10 | 59.86 | NOTE | |
r-devel-linux-x86_64-fedora-clang | 1.4 | 128.08 | NOTE | |||
r-devel-linux-x86_64-fedora-gcc | 1.5 | 150.20 | OK | |||
r-devel-windows-x86_64 | 1.4 | 8.00 | 95.00 | 103.00 | NOTE | |
r-patched-linux-x86_64 | NOTE | |||||
r-release-linux-x86_64 | 1.4 | 6.72 | 73.69 | 80.41 | NOTE | |
r-release-macos-arm64 | 1.4 | 53.00 | NOTE | |||
r-release-macos-x86_64 | 1.5 | 90.00 | OK | |||
r-release-windows-x86_64 | 1.4 | 10.00 | 91.00 | 101.00 | NOTE | |
r-oldrel-macos-arm64 | 1.4 | 43.00 | NOTE | |||
r-oldrel-macos-x86_64 | 1.5 | 89.00 | OK | |||
r-oldrel-windows-x86_64 | 1.4 | 10.00 | 116.00 | 126.00 | NOTE |
Version: 1.4
Check: CRAN incoming feasibility
Result: NOTE
Maintainer: ‘Jaroslaw Chilimoniuk <jaroslaw.chilimoniuk@gmail.com>’
Package CITATION file contains call(s) to old-style citEntry(). Please
use bibentry() instead.
Flavors: r-devel-linux-x86_64-debian-clang, r-devel-linux-x86_64-debian-gcc
Version: 1.4
Check: Rd files
Result: NOTE
checkRd: (-1) summary_fitlist.Rd:15: Lost braces in \itemize; \value handles \item{}{} directly
checkRd: (-1) summary_fitlist.Rd:16: Lost braces in \itemize; \value handles \item{}{} directly
checkRd: (-1) summary_fitlist.Rd:17: Lost braces in \itemize; \value handles \item{}{} directly
checkRd: (-1) summary_fitlist.Rd:18: Lost braces in \itemize; \value handles \item{}{} directly
checkRd: (-1) summary_fitlist.Rd:19: Lost braces in \itemize; \value handles \item{}{} directly
Flavors: r-devel-linux-x86_64-debian-clang, r-devel-linux-x86_64-debian-gcc, r-devel-linux-x86_64-fedora-clang, r-devel-windows-x86_64, r-patched-linux-x86_64, r-release-linux-x86_64, r-release-macos-arm64, r-release-windows-x86_64, r-oldrel-macos-arm64, r-oldrel-windows-x86_64
These binaries (installable software) and packages are in development.
They may not be fully stable and should be used with caution. We make no claims about them.