CRAN Package Check Results for Package countgmifs

Last updated on 2025-05-01 14:49:07 CEST.

Flavor Version Tinstall Tcheck Ttotal Status Flags
r-devel-linux-x86_64-debian-clang 0.0.2 2.15 39.08 41.23 NOTE
r-devel-linux-x86_64-debian-gcc 0.0.2 1.67 31.35 33.02 NOTE
r-devel-linux-x86_64-fedora-clang 0.0.2 64.50 OK
r-devel-linux-x86_64-fedora-gcc 0.0.2 81.12 OK
r-devel-windows-x86_64 0.0.2 3.00 96.00 99.00 OK
r-patched-linux-x86_64 0.0.2 2.07 38.50 40.57 OK
r-release-linux-x86_64 OK
r-release-macos-arm64 0.0.2 35.00 OK
r-release-macos-x86_64 0.0.2 65.00 OK
r-release-windows-x86_64 0.0.2 3.00 100.00 103.00 OK
r-oldrel-macos-x86_64 0.0.2 51.00 NOTE
r-oldrel-windows-x86_64 0.0.2 3.00 90.00 93.00 NOTE

Check Details

Version: 0.0.2
Check: CRAN incoming feasibility
Result: NOTE Maintainer: ‘Kellie Archer <archer.43@osu.edu>’ Package CITATION file contains call(s) to old-style personList() or as.personList(). Please use c() on person objects instead. Package CITATION file contains call(s) to old-style citEntry(). Please use bibentry() instead. Flavors: r-devel-linux-x86_64-debian-clang, r-devel-linux-x86_64-debian-gcc

Version: 0.0.2
Check: examples
Result: NOTE Examples with CPU (user + system) or elapsed time > 5s user system elapsed countgmifs 4.642 0.116 5.932 Flavor: r-devel-linux-x86_64-debian-clang

Version: 0.0.2
Check: LazyData
Result: NOTE 'LazyData' is specified without a 'data' directory Flavors: r-oldrel-macos-x86_64, r-oldrel-windows-x86_64

These binaries (installable software) and packages are in development.
They may not be fully stable and should be used with caution. We make no claims about them.