Last updated on 2025-11-12 19:51:44 CET.
| Flavor | Version | Tinstall | Tcheck | Ttotal | Status | Flags |
|---|---|---|---|---|---|---|
| r-devel-linux-x86_64-debian-clang | 1.2.2 | 10.03 | 104.71 | 114.74 | OK | |
| r-devel-linux-x86_64-debian-gcc | 1.2.2 | 6.22 | 75.56 | 81.78 | OK | |
| r-devel-linux-x86_64-fedora-clang | 1.2.2 | 24.00 | 148.76 | 172.76 | OK | |
| r-devel-linux-x86_64-fedora-gcc | 1.2.2 | 20.00 | 162.49 | 182.49 | OK | |
| r-devel-windows-x86_64 | 1.2.2 | 12.00 | 129.00 | 141.00 | OK | |
| r-patched-linux-x86_64 | 1.2.2 | 9.38 | 98.13 | 107.51 | OK | |
| r-release-linux-x86_64 | 1.2.2 | 10.16 | 98.38 | 108.54 | OK | |
| r-release-macos-arm64 | 1.2.2 | 4.00 | 54.00 | 58.00 | OK | |
| r-release-macos-x86_64 | 1.2.2 | 8.00 | 95.00 | 103.00 | OK | |
| r-release-windows-x86_64 | 1.2.2 | 17.00 | 126.00 | 143.00 | OK | |
| r-oldrel-macos-arm64 | 1.2.2 | 5.00 | 56.00 | 61.00 | NOTE | |
| r-oldrel-macos-x86_64 | 1.2.2 | 9.00 | 95.00 | 104.00 | NOTE | |
| r-oldrel-windows-x86_64 | 1.2.2 | 17.00 | 155.00 | 172.00 | OK |
Version: 1.2.2
Check: installed package size
Result: NOTE
installed size is 6.1Mb
sub-directories of 1Mb or more:
R 2.4Mb
data 1.2Mb
help 2.3Mb
Flavors: r-oldrel-macos-arm64, r-oldrel-macos-x86_64
These binaries (installable software) and packages are in development.
They may not be fully stable and should be used with caution. We make no claims about them.