Last updated on 2025-05-08 04:52:01 CEST.
Flavor | Version | Tinstall | Tcheck | Ttotal | Status | Flags |
---|---|---|---|---|---|---|
r-devel-linux-x86_64-debian-clang | 1.2.1 | 9.72 | 95.28 | 105.00 | NOTE | |
r-devel-linux-x86_64-debian-gcc | 1.2.1 | 5.98 | 68.73 | 74.71 | NOTE | |
r-devel-linux-x86_64-fedora-clang | 1.2.1 | 152.44 | OK | |||
r-devel-linux-x86_64-fedora-gcc | 1.2.1 | 174.75 | OK | |||
r-devel-windows-x86_64 | 1.2.1 | 11.00 | 124.00 | 135.00 | OK | |
r-patched-linux-x86_64 | 1.2.1 | 10.45 | 93.27 | 103.72 | OK | |
r-release-linux-x86_64 | 1.2.1 | 8.58 | 90.04 | 98.62 | OK | |
r-release-macos-arm64 | 1.2.1 | 66.00 | OK | |||
r-release-macos-x86_64 | 1.2.1 | 109.00 | OK | |||
r-release-windows-x86_64 | 1.2.1 | 15.00 | 126.00 | 141.00 | OK | |
r-oldrel-macos-arm64 | 1.2.1 | 59.00 | OK | |||
r-oldrel-macos-x86_64 | 1.2.1 | 101.00 | OK | |||
r-oldrel-windows-x86_64 | 1.2.1 | 16.00 | 149.00 | 165.00 | OK |
Version: 1.2.1
Check: DESCRIPTION meta-information
Result: NOTE
Author field differs from that derived from Authors@R
Author: ‘Francesco Saverio Bellelli [aut, cre, cph] (https://fbellelli.com/)’
Authors@R: ‘Francesco Saverio Bellelli [aut, cre, cph] (Website: https://fbellelli.com/)’
Flavors: r-devel-linux-x86_64-debian-clang, r-devel-linux-x86_64-debian-gcc
These binaries (installable software) and packages are in development.
They may not be fully stable and should be used with caution. We make no claims about them.